Last updated on 2024-05-04 03:50:21 CEST.
Flavor | Version | Tinstall | Tcheck | Ttotal | Status | Flags |
---|---|---|---|---|---|---|
r-devel-linux-x86_64-debian-clang | 0.1.0 | 70.64 | 68.59 | 139.23 | OK | |
r-devel-linux-x86_64-fedora-clang | 0.1.0 | 178.02 | OK | |||
r-devel-linux-x86_64-fedora-gcc | 0.1.0 | 187.38 | OK | |||
r-devel-windows-x86_64 | 0.1.0 | 54.00 | 88.00 | 142.00 | OK | |
r-patched-linux-x86_64 | 0.1.0 | 74.29 | 65.50 | 139.79 | OK | |
r-release-linux-x86_64 | 0.1.0 | 71.70 | 65.46 | 137.16 | OK | |
r-release-macos-arm64 | 0.1.0 | 47.00 | NOTE | |||
r-release-windows-x86_64 | 0.1.0 | 50.00 | 83.00 | 133.00 | OK | |
r-oldrel-macos-arm64 | 0.1.0 | 52.00 | NOTE | |||
r-oldrel-macos-x86_64 | 0.1.0 | 110.00 | NOTE | |||
r-oldrel-windows-x86_64 | 0.1.0 | 65.00 | 102.00 | 167.00 | OK |
Version: 0.1.0
Check: installed package size
Result: NOTE
installed size is 6.2Mb
sub-directories of 1Mb or more:
libs 5.6Mb
Flavors: r-release-macos-arm64, r-oldrel-macos-arm64, r-oldrel-macos-x86_64
These binaries (installable software) and packages are in development.
They may not be fully stable and should be used with caution. We make no claims about them.