Last updated on 2024-05-04 03:50:22 CEST.
Flavor | Version | Tinstall | Tcheck | Ttotal | Status | Flags |
---|---|---|---|---|---|---|
r-devel-linux-x86_64-debian-clang | 2.2.1 | 15.38 | 117.01 | 132.39 | NOTE | |
r-devel-linux-x86_64-fedora-clang | 2.2.1 | 177.83 | NOTE | |||
r-devel-linux-x86_64-fedora-gcc | 2.2.1 | 168.61 | NOTE | |||
r-devel-windows-x86_64 | 2.2.1 | 4.00 | 5.00 | 9.00 | ERROR | |
r-patched-linux-x86_64 | 2.2.1 | 21.62 | 112.12 | 133.74 | NOTE | |
r-release-linux-x86_64 | 2.2.1 | 12.17 | 110.29 | 122.46 | NOTE | |
r-release-macos-arm64 | 2.2.1 | 46.00 | NOTE | |||
r-release-macos-x86_64 | 2.2.1 | 86.00 | OK | |||
r-release-windows-x86_64 | 2.2.1 | 13.00 | 98.00 | 111.00 | NOTE | |
r-oldrel-macos-arm64 | 2.2.1 | 62.00 | OK | |||
r-oldrel-macos-x86_64 | 2.2.1 | 98.00 | OK | |||
r-oldrel-windows-x86_64 | 2.2.1 | 18.00 | 118.00 | 136.00 | OK |
Version: 2.2.1
Check: Rd files
Result: NOTE
checkRd: (-1) dblassoHIMA.Rd:47: Lost braces in \itemize; \value handles \item{}{} directly
checkRd: (-1) dblassoHIMA.Rd:48: Lost braces in \itemize; \value handles \item{}{} directly
checkRd: (-1) dblassoHIMA.Rd:49: Lost braces in \itemize; \value handles \item{}{} directly
checkRd: (-1) dblassoHIMA.Rd:50: Lost braces in \itemize; \value handles \item{}{} directly
checkRd: (-1) dblassoHIMA.Rd:51: Lost braces in \itemize; \value handles \item{}{} directly
checkRd: (-1) dblassoHIMA.Rd:52: Lost braces in \itemize; \value handles \item{}{} directly
checkRd: (-1) hima.Rd:69: Lost braces in \itemize; \value handles \item{}{} directly
checkRd: (-1) hima.Rd:70: Lost braces in \itemize; \value handles \item{}{} directly
checkRd: (-1) hima.Rd:71: Lost braces in \itemize; \value handles \item{}{} directly
checkRd: (-1) hima.Rd:72: Lost braces in \itemize; \value handles \item{}{} directly
checkRd: (-1) hima.Rd:73: Lost braces in \itemize; \value handles \item{}{} directly
checkRd: (-1) hima.Rd:74: Lost braces in \itemize; \value handles \item{}{} directly
checkRd: (-1) hima.Rd:75: Lost braces in \itemize; \value handles \item{}{} directly
checkRd: (-1) microHIMA.Rd:29: Lost braces in \itemize; \value handles \item{}{} directly
checkRd: (-1) microHIMA.Rd:30: Lost braces in \itemize; \value handles \item{}{} directly
checkRd: (-1) microHIMA.Rd:31: Lost braces in \itemize; \value handles \item{}{} directly
checkRd: (-1) microHIMA.Rd:32: Lost braces in \itemize; \value handles \item{}{} directly
checkRd: (-1) microHIMA.Rd:33: Lost braces in \itemize; \value handles \item{}{} directly
checkRd: (-1) microHIMA.Rd:34: Lost braces in \itemize; \value handles \item{}{} directly
checkRd: (-1) qHIMA.Rd:51: Lost braces in \itemize; \value handles \item{}{} directly
checkRd: (-1) qHIMA.Rd:52: Lost braces in \itemize; \value handles \item{}{} directly
checkRd: (-1) qHIMA.Rd:53: Lost braces in \itemize; \value handles \item{}{} directly
checkRd: (-1) qHIMA.Rd:54: Lost braces in \itemize; \value handles \item{}{} directly
checkRd: (-1) qHIMA.Rd:55: Lost braces in \itemize; \value handles \item{}{} directly
checkRd: (-1) qHIMA.Rd:56: Lost braces in \itemize; \value handles \item{}{} directly
checkRd: (-1) survHIMA.Rd:30: Lost braces in \itemize; \value handles \item{}{} directly
checkRd: (-1) survHIMA.Rd:31: Lost braces in \itemize; \value handles \item{}{} directly
checkRd: (-1) survHIMA.Rd:32: Lost braces in \itemize; \value handles \item{}{} directly
checkRd: (-1) survHIMA.Rd:33: Lost braces in \itemize; \value handles \item{}{} directly
checkRd: (-1) survHIMA.Rd:34: Lost braces in \itemize; \value handles \item{}{} directly
checkRd: (-1) survHIMA.Rd:35: Lost braces in \itemize; \value handles \item{}{} directly
Flavors: r-devel-linux-x86_64-debian-clang, r-devel-linux-x86_64-fedora-clang, r-devel-linux-x86_64-fedora-gcc, r-patched-linux-x86_64, r-release-linux-x86_64, r-release-macos-arm64, r-release-windows-x86_64
Version: 2.2.1
Check: whether package can be installed
Result: ERROR
Installation failed.
Flavor: r-devel-windows-x86_64
These binaries (installable software) and packages are in development.
They may not be fully stable and should be used with caution. We make no claims about them.