Last updated on 2025-10-23 17:50:50 CEST.
Flavor | Version | Tinstall | Tcheck | Ttotal | Status | Flags |
---|---|---|---|---|---|---|
r-devel-linux-x86_64-debian-clang | 1.3 | 5.61 | 34.91 | 40.52 | NOTE | |
r-devel-linux-x86_64-debian-gcc | 1.3 | 3.93 | 26.97 | 30.90 | NOTE | |
r-devel-linux-x86_64-fedora-clang | 1.3 | 11.00 | 47.22 | 58.22 | OK | |
r-devel-linux-x86_64-fedora-gcc | 1.3 | 14.00 | 44.50 | 58.50 | OK | |
r-devel-windows-x86_64 | 1.3 | 9.00 | 54.00 | 63.00 | OK | |
r-patched-linux-x86_64 | 1.3 | 5.66 | 33.26 | 38.92 | OK | |
r-release-linux-x86_64 | 1.3 | 5.41 | 33.28 | 38.69 | OK | |
r-release-macos-arm64 | 1.3 | 4.00 | 19.00 | 23.00 | OK | |
r-release-macos-x86_64 | 1.3 | 5.00 | 35.00 | 40.00 | OK | |
r-release-windows-x86_64 | 1.3 | 9.00 | 58.00 | 67.00 | OK | |
r-oldrel-macos-arm64 | 1.3 | 3.00 | 20.00 | 23.00 | OK | |
r-oldrel-macos-x86_64 | 1.3 | 4.00 | 30.00 | 34.00 | OK | |
r-oldrel-windows-x86_64 | 1.3 | 11.00 | 65.00 | 76.00 | OK |
Version: 1.3
Check: CRAN incoming feasibility
Result: NOTE
Maintainer: ‘Pierre Lafaye De Micheaux <lafaye@unsw.edu.au>’
Package CITATION file contains call(s) to old-style personList() or
as.personList(). Please use c() on person objects instead.
Package CITATION file contains call(s) to old-style citEntry(). Please
use bibentry() instead.
The Description field contains
Geenens and Lafaye De Micheaux (2019) <arXiv:1810.10276v4>.
Please refer to arXiv e-prints via their arXiv DOI <doi:10.48550/arXiv.YYMM.NNNNN>.
Flavors: r-devel-linux-x86_64-debian-clang, r-devel-linux-x86_64-debian-gcc
These binaries (installable software) and packages are in development.
They may not be fully stable and should be used with caution. We make no claims about them.