Last updated on 2024-05-04 03:50:21 CEST.
Flavor | Version | Tinstall | Tcheck | Ttotal | Status | Flags |
---|---|---|---|---|---|---|
r-devel-linux-x86_64-debian-clang | 6.1 | 25.47 | 157.13 | 182.60 | OK | |
r-devel-linux-x86_64-fedora-clang | 6.1 | 224.50 | NOTE | |||
r-devel-linux-x86_64-fedora-gcc | 6.1 | 204.89 | OK | |||
r-devel-windows-x86_64 | 6.1 | 23.00 | 146.00 | 169.00 | OK | |
r-patched-linux-x86_64 | 6.1 | 26.68 | 150.88 | 177.56 | OK | |
r-release-linux-x86_64 | 6.1 | 19.65 | 151.05 | 170.70 | OK | |
r-release-macos-arm64 | 6.1 | 77.00 | OK | |||
r-release-macos-x86_64 | 6.1 | 184.00 | OK | |||
r-release-windows-x86_64 | 6.1 | 21.00 | 143.00 | 164.00 | OK | |
r-oldrel-macos-arm64 | 6.1 | 91.00 | OK | |||
r-oldrel-macos-x86_64 | 6.1 | 138.00 | OK | |||
r-oldrel-windows-x86_64 | 6.1 | 27.00 | 183.00 | 210.00 | OK |
Version: 6.1
Check: Rd cross-references
Result: NOTE
Undeclared package ‘sp’ in Rd xrefs
Flavor: r-devel-linux-x86_64-fedora-clang
These binaries (installable software) and packages are in development.
They may not be fully stable and should be used with caution. We make no claims about them.