Last updated on 2024-05-04 03:50:22 CEST.
Flavor | Version | Tinstall | Tcheck | Ttotal | Status | Flags |
---|---|---|---|---|---|---|
r-devel-linux-x86_64-debian-clang | 1.0.8 | 72.29 | 159.62 | 231.91 | OK | |
r-devel-linux-x86_64-fedora-clang | 1.0.8 | 301.76 | OK | |||
r-devel-linux-x86_64-fedora-gcc | 1.0.8 | 290.21 | OK | |||
r-devel-windows-x86_64 | 1.0.8 | 58.00 | 167.00 | 225.00 | OK | |
r-patched-linux-x86_64 | 1.0.8 | 50.40 | 151.37 | 201.77 | OK | |
r-release-linux-x86_64 | 1.0.8 | 65.87 | 150.24 | 216.11 | OK | |
r-release-macos-arm64 | 1.0.8 | 72.00 | NOTE | |||
r-release-macos-x86_64 | 1.0.8 | 184.00 | NOTE | |||
r-release-windows-x86_64 | 1.0.8 | 60.00 | 159.00 | 219.00 | OK | |
r-oldrel-macos-arm64 | 1.0.8 | 81.00 | NOTE | |||
r-oldrel-macos-x86_64 | 1.0.8 | 176.00 | NOTE | |||
r-oldrel-windows-x86_64 | 1.0.8 | 77.00 | 205.00 | 282.00 | OK |
Version: 1.0.8
Check: installed package size
Result: NOTE
installed size is 6.9Mb
sub-directories of 1Mb or more:
data 1.0Mb
libs 4.9Mb
Flavors: r-release-macos-arm64, r-release-macos-x86_64, r-oldrel-macos-arm64, r-oldrel-macos-x86_64
These binaries (installable software) and packages are in development.
They may not be fully stable and should be used with caution. We make no claims about them.