Last updated on 2024-05-04 03:50:22 CEST.
Flavor | Version | Tinstall | Tcheck | Ttotal | Status | Flags |
---|---|---|---|---|---|---|
r-devel-linux-x86_64-debian-clang | 0.9-1 | 3.24 | 69.97 | 73.21 | OK | |
r-devel-linux-x86_64-fedora-clang | 0.9-1 | 101.05 | NOTE | |||
r-devel-linux-x86_64-fedora-gcc | 0.9-1 | 97.98 | OK | |||
r-devel-windows-x86_64 | 0.9-1 | 4.00 | 87.00 | 91.00 | OK | |
r-patched-linux-x86_64 | 0.9-1 | 4.31 | 65.62 | 69.93 | OK | |
r-release-linux-x86_64 | 0.9-1 | 3.26 | 66.93 | 70.19 | OK | |
r-release-macos-arm64 | 0.9-1 | 33.00 | OK | |||
r-release-windows-x86_64 | 0.9-1 | 4.00 | 85.00 | 89.00 | OK | |
r-oldrel-macos-arm64 | 0.9-1 | 50.00 | OK | |||
r-oldrel-macos-x86_64 | 0.9-1 | 100.00 | OK | |||
r-oldrel-windows-x86_64 | 0.9-1 | 4.00 | 99.00 | 103.00 | OK |
Version: 0.9-1
Check: Rd cross-references
Result: NOTE
Undeclared packages ‘Guerry’, ‘alr4’, ‘agridat’, ‘coin’ in Rd xrefs
Flavor: r-devel-linux-x86_64-fedora-clang
These binaries (installable software) and packages are in development.
They may not be fully stable and should be used with caution. We make no claims about them.