Last updated on 2024-05-04 03:50:22 CEST.
Flavor | Version | Tinstall | Tcheck | Ttotal | Status | Flags |
---|---|---|---|---|---|---|
r-devel-linux-x86_64-debian-clang | 0.1.1 | 36.19 | 334.01 | 370.20 | NOTE | |
r-devel-linux-x86_64-fedora-clang | 0.1.1 | 494.87 | NOTE | |||
r-devel-linux-x86_64-fedora-gcc | 0.1.1 | 454.89 | NOTE | |||
r-devel-windows-x86_64 | 0.1.1 | 30.00 | 244.00 | 274.00 | NOTE | |
r-patched-linux-x86_64 | 0.1.1 | 34.59 | 318.72 | 353.31 | NOTE | |
r-release-linux-x86_64 | 0.1.1 | 22.79 | 321.14 | 343.93 | NOTE | |
r-release-macos-arm64 | 0.1.1 | 121.00 | NOTE | |||
r-release-macos-x86_64 | 0.1.1 | 252.00 | NOTE | |||
r-release-windows-x86_64 | 0.1.1 | 30.00 | 238.00 | 268.00 | NOTE | |
r-oldrel-macos-arm64 | 0.1.1 | 10.00 | ERROR | |||
r-oldrel-macos-x86_64 | 0.1.1 | 7.00 | ERROR | |||
r-oldrel-windows-x86_64 | 0.1.1 | 39.00 | 315.00 | 354.00 | NOTE |
Version: 0.1.1
Check: package dependencies
Result: NOTE
Package suggested but not available for checking: ‘microViz’
Flavors: r-devel-linux-x86_64-debian-clang, r-devel-linux-x86_64-fedora-clang, r-devel-linux-x86_64-fedora-gcc, r-devel-windows-x86_64, r-patched-linux-x86_64, r-release-linux-x86_64, r-release-macos-arm64, r-release-macos-x86_64, r-release-windows-x86_64, r-oldrel-windows-x86_64
Version: 0.1.1
Check: package dependencies
Result: ERROR
Package required but not available: ‘phyloseq’
Package suggested but not available for checking: ‘microViz’
See section ‘The DESCRIPTION file’ in the ‘Writing R Extensions’
manual.
Flavors: r-oldrel-macos-arm64, r-oldrel-macos-x86_64
These binaries (installable software) and packages are in development.
They may not be fully stable and should be used with caution. We make no claims about them.