Last updated on 2024-05-04 03:50:22 CEST.
Flavor | Version | Tinstall | Tcheck | Ttotal | Status | Flags |
---|---|---|---|---|---|---|
r-devel-linux-x86_64-debian-clang | 0.10-2 | 5.66 | 65.22 | 70.88 | NOTE | |
r-devel-linux-x86_64-fedora-clang | 0.10-2 | 92.57 | NOTE | |||
r-devel-linux-x86_64-fedora-gcc | 0.10-2 | 99.65 | NOTE | |||
r-devel-windows-x86_64 | 0.10-2 | 7.00 | 108.00 | 115.00 | NOTE | |
r-patched-linux-x86_64 | 0.10-2 | 9.74 | 62.51 | 72.25 | NOTE | |
r-release-linux-x86_64 | 0.10-2 | 8.09 | 63.81 | 71.90 | NOTE | |
r-release-macos-arm64 | 0.10-2 | 38.00 | NOTE | |||
r-release-windows-x86_64 | 0.10-2 | 7.00 | 106.00 | 113.00 | NOTE | |
r-oldrel-macos-arm64 | 0.10-2 | 39.00 | OK | |||
r-oldrel-macos-x86_64 | 0.10-2 | 57.00 | OK | |||
r-oldrel-windows-x86_64 | 0.10-2 | 9.00 | 103.00 | 112.00 | OK |
Version: 0.10-2
Check: Rd files
Result: NOTE
checkRd: (-1) setServerLogLevel.Rd:20: Lost braces in \enumerate; meant \describe ?
checkRd: (-1) setServerLogLevel.Rd:21: Lost braces in \enumerate; meant \describe ?
checkRd: (-1) setServerLogLevel.Rd:22: Lost braces in \enumerate; meant \describe ?
checkRd: (-1) setServerLogLevel.Rd:23: Lost braces in \enumerate; meant \describe ?
checkRd: (-1) setServerLogLevel.Rd:24: Lost braces in \enumerate; meant \describe ?
Flavors: r-devel-linux-x86_64-debian-clang, r-devel-linux-x86_64-fedora-clang, r-devel-linux-x86_64-fedora-gcc, r-devel-windows-x86_64, r-patched-linux-x86_64, r-release-linux-x86_64, r-release-macos-arm64, r-release-windows-x86_64
These binaries (installable software) and packages are in development.
They may not be fully stable and should be used with caution. We make no claims about them.