Last updated on 2024-05-04 03:50:22 CEST.
Flavor | Version | Tinstall | Tcheck | Ttotal | Status | Flags |
---|---|---|---|---|---|---|
r-devel-linux-x86_64-debian-clang | 1.3 | 3.69 | 65.09 | 68.78 | NOTE | |
r-devel-linux-x86_64-fedora-clang | 1.3 | 84.52 | NOTE | |||
r-devel-linux-x86_64-fedora-gcc | 1.3 | 81.63 | NOTE | |||
r-devel-windows-x86_64 | 1.3 | 5.00 | 72.00 | 77.00 | NOTE | |
r-patched-linux-x86_64 | 1.3 | 4.48 | 62.20 | 66.68 | NOTE | |
r-release-linux-x86_64 | 1.3 | 2.40 | 62.54 | 64.94 | NOTE | |
r-release-macos-arm64 | 1.3 | 28.00 | NOTE | |||
r-release-windows-x86_64 | 1.3 | 5.00 | 70.00 | 75.00 | NOTE | |
r-oldrel-macos-arm64 | 1.3 | 29.00 | NOTE | |||
r-oldrel-macos-x86_64 | 1.3 | 45.00 | NOTE | |||
r-oldrel-windows-x86_64 | 1.3 | 4.00 | 81.00 | 85.00 | NOTE |
Version: 1.3
Check: Rd files
Result: NOTE
checkRd: (-1) ICEscale.Rd:53: Escaped LaTeX specials: \^
checkRd: (-1) dpwdg.Rd:14: Escaped LaTeX specials: \$
checkRd: (-1) dpwdg.Rd:15: Escaped LaTeX specials: \$
Flavors: r-devel-linux-x86_64-debian-clang, r-devel-linux-x86_64-fedora-clang, r-devel-linux-x86_64-fedora-gcc, r-devel-windows-x86_64, r-patched-linux-x86_64, r-release-linux-x86_64, r-release-macos-arm64, r-release-windows-x86_64, r-oldrel-macos-arm64, r-oldrel-macos-x86_64, r-oldrel-windows-x86_64
These binaries (installable software) and packages are in development.
They may not be fully stable and should be used with caution. We make no claims about them.