Last updated on 2024-05-04 03:50:22 CEST.
Flavor | Version | Tinstall | Tcheck | Ttotal | Status | Flags |
---|---|---|---|---|---|---|
r-devel-linux-x86_64-debian-clang | 0.2.0 | 2.78 | 68.65 | 71.43 | NOTE | |
r-devel-linux-x86_64-fedora-clang | 0.2.0 | 86.11 | NOTE | |||
r-devel-linux-x86_64-fedora-gcc | 0.2.0 | 84.39 | NOTE | |||
r-devel-windows-x86_64 | 0.2.0 | 4.00 | 71.00 | 75.00 | NOTE | |
r-patched-linux-x86_64 | 0.2.0 | 1.59 | 65.80 | 67.39 | NOTE | |
r-release-linux-x86_64 | 0.2.0 | 2.05 | 64.06 | 66.11 | NOTE | |
r-release-macos-arm64 | 0.2.0 | 37.00 | NOTE | |||
r-release-windows-x86_64 | 0.2.0 | 4.00 | 67.00 | 71.00 | NOTE | |
r-oldrel-macos-arm64 | 0.2.0 | 38.00 | NOTE | |||
r-oldrel-macos-x86_64 | 0.2.0 | 64.00 | NOTE | |||
r-oldrel-windows-x86_64 | 0.2.0 | 4.00 | 77.00 | 81.00 | NOTE |
Version: 0.2.0
Check: LazyData
Result: NOTE
'LazyData' is specified without a 'data' directory
Flavors: r-devel-linux-x86_64-debian-clang, r-devel-linux-x86_64-fedora-clang, r-devel-linux-x86_64-fedora-gcc, r-devel-windows-x86_64, r-patched-linux-x86_64, r-release-linux-x86_64, r-release-macos-arm64, r-release-windows-x86_64, r-oldrel-macos-arm64, r-oldrel-macos-x86_64, r-oldrel-windows-x86_64
These binaries (installable software) and packages are in development.
They may not be fully stable and should be used with caution. We make no claims about them.