Last updated on 2024-05-04 03:50:22 CEST.
Flavor | Version | Tinstall | Tcheck | Ttotal | Status | Flags |
---|---|---|---|---|---|---|
r-devel-linux-x86_64-debian-clang | 0.1.8 | 19.30 | 124.37 | 143.67 | NOTE | |
r-devel-linux-x86_64-fedora-clang | 0.1.8 | 167.97 | OK | |||
r-devel-linux-x86_64-fedora-gcc | 0.1.8 | 179.12 | OK | |||
r-devel-windows-x86_64 | 0.1.8 | 17.00 | 103.00 | 120.00 | OK | |
r-patched-linux-x86_64 | 0.1.8 | 21.20 | 117.31 | 138.51 | NOTE | |
r-release-linux-x86_64 | 0.1.8 | 15.67 | 118.08 | 133.75 | NOTE | |
r-release-macos-arm64 | 0.1.8 | 60.00 | NOTE | |||
r-release-macos-x86_64 | 0.1.8 | 152.00 | NOTE | |||
r-release-windows-x86_64 | 0.1.8 | 18.00 | 100.00 | 118.00 | OK | |
r-oldrel-macos-arm64 | 0.1.8 | 59.00 | NOTE | |||
r-oldrel-macos-x86_64 | 0.1.8 | 117.00 | NOTE | |||
r-oldrel-windows-x86_64 | 0.1.8 | 20.00 | 124.00 | 144.00 | NOTE |
Version: 0.1.8
Check: package dependencies
Result: NOTE
Package suggested but not available for checking: ‘INLA’
Flavors: r-devel-linux-x86_64-debian-clang, r-patched-linux-x86_64, r-release-linux-x86_64, r-release-macos-arm64, r-release-macos-x86_64, r-oldrel-macos-arm64, r-oldrel-macos-x86_64, r-oldrel-windows-x86_64
These binaries (installable software) and packages are in development.
They may not be fully stable and should be used with caution. We make no claims about them.