Last updated on 2024-05-04 03:50:22 CEST.
Flavor | Version | Tinstall | Tcheck | Ttotal | Status | Flags |
---|---|---|---|---|---|---|
r-devel-linux-x86_64-debian-clang | 2.5.5 | 39.03 | 301.97 | 341.00 | NOTE | |
r-devel-linux-x86_64-fedora-clang | 2.5.5 | 406.55 | NOTE | |||
r-devel-linux-x86_64-fedora-gcc | 2.5.5 | 375.77 | NOTE | |||
r-devel-windows-x86_64 | 2.5.5 | 22.00 | 191.00 | 213.00 | NOTE | |
r-patched-linux-x86_64 | 2.5.5 | 21.35 | 276.89 | 298.24 | NOTE | |
r-release-linux-x86_64 | 2.5.5 | 21.65 | 280.40 | 302.05 | NOTE | |
r-release-macos-arm64 | 2.5.5 | 88.00 | NOTE | |||
r-release-windows-x86_64 | 2.5.5 | 25.00 | 189.00 | 214.00 | NOTE | |
r-oldrel-macos-arm64 | 2.5.5 | 92.00 | OK | |||
r-oldrel-macos-x86_64 | 2.5.5 | 289.00 | OK | |||
r-oldrel-windows-x86_64 | 2.5.5 | 34.00 | 257.00 | 291.00 | OK |
Version: 2.5.5
Check: Rd files
Result: NOTE
checkRd: (-1) is_israd_database.Rd:19: Lost braces in \itemize; meant \describe ?
checkRd: (-1) is_israd_database.Rd:20: Lost braces in \itemize; meant \describe ?
checkRd: (-1) is_israd_database.Rd:21: Lost braces in \itemize; meant \describe ?
checkRd: (-1) is_israd_database.Rd:22: Lost braces in \itemize; meant \describe ?
checkRd: (-1) is_israd_database.Rd:23: Lost braces in \itemize; meant \describe ?
checkRd: (-1) is_israd_database.Rd:24: Lost braces in \itemize; meant \describe ?
checkRd: (-1) is_israd_database.Rd:25: Lost braces in \itemize; meant \describe ?
checkRd: (-1) is_israd_database.Rd:26: Lost braces in \itemize; meant \describe ?
Flavors: r-devel-linux-x86_64-debian-clang, r-devel-linux-x86_64-fedora-clang, r-devel-linux-x86_64-fedora-gcc, r-devel-windows-x86_64, r-patched-linux-x86_64, r-release-linux-x86_64, r-release-macos-arm64, r-release-windows-x86_64
Version: 2.5.5
Check: data for non-ASCII characters
Result: NOTE
Note: found 1 marked UTF-8 string
Flavors: r-devel-linux-x86_64-fedora-clang, r-devel-linux-x86_64-fedora-gcc
These binaries (installable software) and packages are in development.
They may not be fully stable and should be used with caution. We make no claims about them.