CRAN Package Check Results for Package IgorR

Last updated on 2025-10-25 01:51:03 CEST.

Flavor Version Tinstall Tcheck Ttotal Status Flags
r-devel-linux-x86_64-debian-clang 0.9.0 2.05 27.26 29.31 NOTE
r-devel-linux-x86_64-debian-gcc 0.9.0 1.82 22.19 24.01 NOTE
r-devel-linux-x86_64-fedora-clang 0.9.0 40.22 NOTE
r-devel-linux-x86_64-fedora-gcc 0.9.0 39.74 OK
r-devel-windows-x86_64 0.9.0 4.00 45.00 49.00 OK
r-patched-linux-x86_64 0.9.0 2.23 24.86 27.09 NOTE
r-release-linux-x86_64 0.9.0 2.35 24.84 27.19 NOTE
r-release-macos-arm64 0.9.0 1.00 17.00 18.00 OK
r-release-macos-x86_64 0.9.0 2.00 27.00 29.00 OK
r-release-windows-x86_64 0.9.0 4.00 47.00 51.00 OK
r-oldrel-macos-arm64 0.9.0 1.00 17.00 18.00 OK
r-oldrel-macos-x86_64 0.9.0 3.00 38.00 41.00 OK
r-oldrel-windows-x86_64 0.9.0 5.00 54.00 59.00 OK

Check Details

Version: 0.9.0
Check: R code for possible problems
Result: NOTE Found the following assignments to the global environment: File ‘IgorR/R/ReadIgorBinary.R’: assign(WaveName, rval, envir = .GlobalEnv) Flavors: r-devel-linux-x86_64-debian-clang, r-devel-linux-x86_64-debian-gcc, r-devel-linux-x86_64-fedora-clang, r-patched-linux-x86_64, r-release-linux-x86_64

These binaries (installable software) and packages are in development.
They may not be fully stable and should be used with caution. We make no claims about them.