Last updated on 2024-05-04 03:50:22 CEST.
Flavor | Version | Tinstall | Tcheck | Ttotal | Status | Flags |
---|---|---|---|---|---|---|
r-devel-linux-x86_64-debian-clang | 0.1.40 | 8.98 | 62.75 | 71.73 | OK | |
r-devel-linux-x86_64-fedora-clang | 0.1.40 | 86.00 | NOTE | |||
r-devel-linux-x86_64-fedora-gcc | 0.1.40 | 91.62 | NOTE | |||
r-devel-windows-x86_64 | 0.1.40 | 9.00 | 63.00 | 72.00 | OK | |
r-patched-linux-x86_64 | 0.1.40 | 7.40 | 60.21 | 67.61 | OK | |
r-release-linux-x86_64 | 0.1.40 | 8.47 | 58.63 | 67.10 | OK | |
r-release-macos-arm64 | 0.1.40 | 29.00 | OK | |||
r-release-windows-x86_64 | 0.1.40 | 8.00 | 62.00 | 70.00 | OK | |
r-oldrel-macos-arm64 | 0.1.40 | 30.00 | OK | |||
r-oldrel-macos-x86_64 | 0.1.40 | 44.00 | OK | |||
r-oldrel-windows-x86_64 | 0.1.40 | 10.00 | 71.00 | 81.00 | OK |
Version: 0.1.40
Check: dependencies in R code
Result: NOTE
Namespace in Imports field not imported from: ‘rmarkdown’
All declared Imports should be used.
Flavors: r-devel-linux-x86_64-fedora-clang, r-devel-linux-x86_64-fedora-gcc
These binaries (installable software) and packages are in development.
They may not be fully stable and should be used with caution. We make no claims about them.