Last updated on 2024-05-04 03:50:23 CEST.
Flavor | Version | Tinstall | Tcheck | Ttotal | Status | Flags |
---|---|---|---|---|---|---|
r-devel-linux-x86_64-debian-clang | 1.0.1 | 330.80 | 202.78 | 533.58 | OK | |
r-devel-linux-x86_64-fedora-clang | 1.0.1 | 741.24 | OK | |||
r-devel-linux-x86_64-fedora-gcc | 1.0.1 | 736.12 | OK | |||
r-devel-windows-x86_64 | 1.0.1 | 239.00 | 201.00 | 440.00 | OK | |
r-patched-linux-x86_64 | 1.0.1 | 306.73 | 210.65 | 517.38 | OK | |
r-release-linux-x86_64 | 1.0.1 | 300.10 | 211.37 | 511.47 | OK | |
r-release-macos-arm64 | 1.0.1 | 146.00 | NOTE | |||
r-release-windows-x86_64 | 1.0.1 | 235.00 | 196.00 | 431.00 | OK | |
r-oldrel-macos-arm64 | 1.0.1 | 177.00 | NOTE | |||
r-oldrel-macos-x86_64 | 1.0.1 | 309.00 | NOTE | |||
r-oldrel-windows-x86_64 | 1.0.1 | 286.00 | 239.00 | 525.00 | OK |
Version: 1.0.1
Check: installed package size
Result: NOTE
installed size is 22.5Mb
sub-directories of 1Mb or more:
libs 22.0Mb
Flavors: r-release-macos-arm64, r-oldrel-macos-arm64, r-oldrel-macos-x86_64
These binaries (installable software) and packages are in development.
They may not be fully stable and should be used with caution. We make no claims about them.