Last updated on 2025-10-23 21:51:30 CEST.
Flavor | Version | Tinstall | Tcheck | Ttotal | Status | Flags |
---|---|---|---|---|---|---|
r-devel-linux-x86_64-debian-clang | 0.1.0 | 14.93 | 115.33 | 130.26 | NOTE | |
r-devel-linux-x86_64-debian-gcc | 0.1.0 | 11.95 | 84.06 | 96.01 | NOTE | |
r-devel-linux-x86_64-fedora-clang | 0.1.0 | 31.00 | 168.83 | 199.83 | OK | |
r-devel-linux-x86_64-fedora-gcc | 0.1.0 | 30.00 | 156.44 | 186.44 | OK | |
r-devel-windows-x86_64 | 0.1.0 | 16.00 | 110.00 | 126.00 | OK | |
r-patched-linux-x86_64 | 0.1.0 | 13.06 | 110.20 | 123.26 | OK | |
r-release-linux-x86_64 | 0.1.0 | 15.18 | 109.04 | 124.22 | OK | |
r-release-macos-arm64 | 0.1.0 | 6.00 | 44.00 | 50.00 | OK | |
r-release-macos-x86_64 | 0.1.0 | 10.00 | 79.00 | 89.00 | OK | |
r-release-windows-x86_64 | 0.1.0 | 17.00 | 112.00 | 129.00 | OK | |
r-oldrel-macos-arm64 | 0.1.0 | 7.00 | 43.00 | 50.00 | NOTE | |
r-oldrel-macos-x86_64 | 0.1.0 | 9.00 | 70.00 | 79.00 | NOTE | |
r-oldrel-windows-x86_64 | 0.1.0 | 21.00 | 141.00 | 162.00 | NOTE |
Version: 0.1.0
Check: CRAN incoming feasibility
Result: NOTE
Maintainer: ‘Karne Chaithanya Sai <karnechaithanyasai@gmail.com>’
No Authors@R field in DESCRIPTION.
Please add one, modifying
Authors@R: person(given = c("Karne", "Chaithanya"),
family = "Sai",
role = c("aut", "cre"),
email = "karnechaithanyasai@gmail.com")
as necessary.
Flavors: r-devel-linux-x86_64-debian-clang, r-devel-linux-x86_64-debian-gcc
Version: 0.1.0
Check: LazyData
Result: NOTE
'LazyData' is specified without a 'data' directory
Flavors: r-oldrel-macos-arm64, r-oldrel-macos-x86_64, r-oldrel-windows-x86_64
These binaries (installable software) and packages are in development.
They may not be fully stable and should be used with caution. We make no claims about them.