Last updated on 2024-05-04 03:50:23 CEST.
Flavor | Version | Tinstall | Tcheck | Ttotal | Status | Flags |
---|---|---|---|---|---|---|
r-devel-linux-x86_64-debian-clang | 0.1.2 | 4.69 | 56.46 | 61.15 | OK | |
r-devel-linux-x86_64-fedora-clang | 0.1.2 | 77.92 | OK | |||
r-devel-linux-x86_64-fedora-gcc | 0.1.2 | 86.04 | OK | |||
r-devel-windows-x86_64 | 0.1.2 | 5.00 | 80.00 | 85.00 | OK | |
r-patched-linux-x86_64 | 0.1.2 | 4.74 | 55.28 | 60.02 | OK | |
r-release-linux-x86_64 | 0.1.2 | 5.23 | 54.76 | 59.99 | OK | |
r-release-macos-arm64 | 0.1.2 | 28.00 | WARN | |||
r-release-windows-x86_64 | 0.1.2 | 4.00 | 82.00 | 86.00 | OK | |
r-oldrel-macos-arm64 | 0.1.2 | 32.00 | WARN | |||
r-oldrel-macos-x86_64 | 0.1.2 | 87.00 | OK | |||
r-oldrel-windows-x86_64 | 0.1.2 | 7.00 | 85.00 | 92.00 | OK |
Version: 0.1.2
Check: re-building of vignette outputs
Result: WARN
Error(s) in re-building vignettes:
...
--- re-building ‘Instruction_of_functions_of_R_package_KINSIMU.Rnw’ using Sweave
Error: processing vignette 'Instruction_of_functions_of_R_package_KINSIMU.Rnw' failed with diagnostics:
Running 'texi2dvi' on 'Instruction_of_functions_of_R_package_KINSIMU.tex' failed.
LaTeX errors:
! LaTeX Error: Command \gather already defined.
Or name \end... illegal, see p.192 of the manual.
See the LaTeX manual or LaTeX Companion for explanation.
Type H <return> for immediate help.
! Emergency stop.
...
l.1560 }
! ==> Fatal error occurred, no output PDF file produced!
--- failed re-building ‘Instruction_of_functions_of_R_package_KINSIMU.Rnw’
SUMMARY: processing the following file failed:
‘Instruction_of_functions_of_R_package_KINSIMU.Rnw’
Error: Vignette re-building failed.
Execution halted
Flavors: r-release-macos-arm64, r-oldrel-macos-arm64
These binaries (installable software) and packages are in development.
They may not be fully stable and should be used with caution. We make no claims about them.