Last updated on 2025-10-23 17:50:51 CEST.
| Flavor | Version | Tinstall | Tcheck | Ttotal | Status | Flags |
|---|---|---|---|---|---|---|
| r-devel-linux-x86_64-debian-clang | 0.3 | 1.88 | 20.55 | 22.43 | NOTE | |
| r-devel-linux-x86_64-debian-gcc | 0.3 | 1.52 | 16.51 | 18.03 | NOTE | |
| r-devel-linux-x86_64-fedora-clang | 0.3 | 30.70 | NOTE | |||
| r-devel-linux-x86_64-fedora-gcc | 0.3 | 29.42 | NOTE | |||
| r-devel-windows-x86_64 | 0.3 | 3.00 | 39.00 | 42.00 | OK | |
| r-patched-linux-x86_64 | 0.3 | 1.87 | 19.26 | 21.13 | NOTE | |
| r-release-linux-x86_64 | 0.3 | 1.83 | 19.04 | 20.87 | NOTE | |
| r-release-macos-arm64 | 0.3 | 1.00 | 17.00 | 18.00 | OK | |
| r-release-macos-x86_64 | 0.3 | 2.00 | 24.00 | 26.00 | OK | |
| r-release-windows-x86_64 | 0.3 | 5.00 | 41.00 | 46.00 | OK | |
| r-oldrel-macos-arm64 | 0.3 | 1.00 | 14.00 | 15.00 | OK | |
| r-oldrel-macos-x86_64 | 0.3 | 2.00 | 18.00 | 20.00 | OK | |
| r-oldrel-windows-x86_64 | 0.3 | 10.00 | 45.00 | 55.00 | OK |
Version: 0.3
Check: for unstated dependencies in ‘demo’
Result: NOTE
'library' or 'require' calls not declared from:
‘MCMCglmm’ ‘car’ ‘coda’ ‘emmeans’ ‘lattice’ ‘outliers’
Flavors: r-devel-linux-x86_64-debian-clang, r-devel-linux-x86_64-debian-gcc, r-patched-linux-x86_64, r-release-linux-x86_64
Version: 0.3
Check: dependencies in R code
Result: NOTE
Namespaces in Imports field not imported from:
‘lme4’ ‘metafor’ ‘nlme’
All declared Imports should be used.
Flavors: r-devel-linux-x86_64-fedora-clang, r-devel-linux-x86_64-fedora-gcc
These binaries (installable software) and packages are in development.
They may not be fully stable and should be used with caution. We make no claims about them.