Last updated on 2024-05-04 03:50:23 CEST.
Flavor | Version | Tinstall | Tcheck | Ttotal | Status | Flags |
---|---|---|---|---|---|---|
r-devel-windows-x86_64 | 2.6.2 | 143.00 | 71.00 | 214.00 | OK | |
r-release-windows-x86_64 | 2.6.2 | 131.00 | 61.00 | 192.00 | OK | |
r-oldrel-macos-x86_64 | 2.6.0 | 5.00 | ERROR | |||
r-oldrel-windows-x86_64 | 2.6.2 | 125.00 | 69.00 | 194.00 | OK |
Version: 2.6.0
Check: PDF version of manual
Result: WARN
LaTeX errors when creating PDF version.
This typically indicates Rd problems.
Flavor: r-oldrel-macos-x86_64
Version: 2.6.0
Check: PDF version of manual without index
Result: ERROR
Re-running with no redirection of stdout/stderr.
Flavor: r-oldrel-macos-x86_64
These binaries (installable software) and packages are in development.
They may not be fully stable and should be used with caution. We make no claims about them.