Last updated on 2024-05-04 03:50:24 CEST.
Flavor | Version | Tinstall | Tcheck | Ttotal | Status | Flags |
---|---|---|---|---|---|---|
r-devel-linux-x86_64-debian-clang | 1.2.1 | 3.85 | 40.16 | 44.01 | OK | |
r-devel-linux-x86_64-fedora-clang | 1.2.1 | 53.25 | OK | |||
r-devel-linux-x86_64-fedora-gcc | 1.2.1 | 53.72 | OK | |||
r-devel-windows-x86_64 | 1.2.1 | 5.00 | 58.00 | 63.00 | OK | |
r-patched-linux-x86_64 | 1.2.1 | 10.75 | 38.03 | 48.78 | OK | |
r-release-linux-x86_64 | 1.2.1 | 2.46 | 37.82 | 40.28 | OK | |
r-release-macos-arm64 | 1.2.1 | 23.00 | OK | |||
r-release-windows-x86_64 | 1.2.1 | 5.00 | 54.00 | 59.00 | OK | |
r-oldrel-macos-arm64 | 1.2.1 | 21.00 | OK | |||
r-oldrel-macos-x86_64 | 1.2.1 | 33.00 | NOTE | |||
r-oldrel-windows-x86_64 | 1.2.1 | 6.00 | 59.00 | 65.00 | OK |
Version: 1.2.1
Check: package dependencies
Result: NOTE
Package suggested but not available for checking: ‘LSDsensitivity’
Flavor: r-oldrel-macos-x86_64
Version: 1.2.1
Check: Rd cross-references
Result: NOTE
Package unavailable to check Rd xrefs: ‘LSDsensitivity’
Flavor: r-oldrel-macos-x86_64
These binaries (installable software) and packages are in development.
They may not be fully stable and should be used with caution. We make no claims about them.