Last updated on 2024-05-04 03:50:24 CEST.
Flavor | Version | Tinstall | Tcheck | Ttotal | Status | Flags |
---|---|---|---|---|---|---|
r-devel-linux-x86_64-debian-clang | 0.9 | 7.69 | 55.34 | 63.03 | NOTE | |
r-devel-linux-x86_64-fedora-clang | 0.9 | 76.73 | NOTE | |||
r-devel-linux-x86_64-fedora-gcc | 0.9 | 73.46 | NOTE | |||
r-devel-windows-x86_64 | 0.9 | 7.00 | 63.00 | 70.00 | NOTE | |
r-patched-linux-x86_64 | 0.9 | 7.26 | 53.15 | 60.41 | NOTE | |
r-release-linux-x86_64 | 0.9 | 6.61 | 52.30 | 58.91 | NOTE | |
r-release-macos-arm64 | 0.9 | 24.00 | NOTE | |||
r-release-windows-x86_64 | 0.9 | 7.00 | 62.00 | 69.00 | NOTE | |
r-oldrel-macos-arm64 | 0.9 | 27.00 | NOTE | |||
r-oldrel-macos-x86_64 | 0.9 | 39.00 | NOTE | |||
r-oldrel-windows-x86_64 | 0.9 | 9.00 | 65.00 | 74.00 | NOTE |
Version: 0.9
Check: LazyData
Result: NOTE
'LazyData' is specified without a 'data' directory
Flavors: r-devel-linux-x86_64-debian-clang, r-devel-linux-x86_64-fedora-clang, r-devel-linux-x86_64-fedora-gcc, r-devel-windows-x86_64, r-patched-linux-x86_64, r-release-linux-x86_64, r-release-macos-arm64, r-release-windows-x86_64, r-oldrel-macos-arm64, r-oldrel-macos-x86_64, r-oldrel-windows-x86_64
These binaries (installable software) and packages are in development.
They may not be fully stable and should be used with caution. We make no claims about them.