Last updated on 2024-05-04 03:50:24 CEST.
Flavor | Version | Tinstall | Tcheck | Ttotal | Status | Flags |
---|---|---|---|---|---|---|
r-devel-linux-x86_64-debian-clang | 1.1.1 | 35.59 | 53.63 | 89.22 | OK | |
r-devel-linux-x86_64-fedora-clang | 1.1.1 | 119.74 | OK | |||
r-devel-linux-x86_64-fedora-gcc | 1.1.1 | 124.13 | OK | |||
r-devel-windows-x86_64 | 1.1.1 | 30.00 | 80.00 | 110.00 | NOTE | |
r-patched-linux-x86_64 | 1.1.1 | 31.76 | 49.92 | 81.68 | OK | |
r-release-linux-x86_64 | 1.1.1 | 32.82 | 50.80 | 83.62 | OK | |
r-release-macos-arm64 | 1.1.1 | 37.00 | NOTE | |||
r-release-windows-x86_64 | 1.1.1 | 27.00 | 76.00 | 103.00 | NOTE | |
r-oldrel-macos-arm64 | 1.1.1 | 41.00 | NOTE | |||
r-oldrel-macos-x86_64 | 1.1.1 | 60.00 | NOTE | |||
r-oldrel-windows-x86_64 | 1.1.1 | 36.00 | 86.00 | 122.00 | NOTE |
Version: 1.1.1
Check: installed package size
Result: NOTE
installed size is 5.5Mb
sub-directories of 1Mb or more:
extdata 4.5Mb
Flavors: r-devel-windows-x86_64, r-release-macos-arm64, r-release-windows-x86_64, r-oldrel-macos-arm64, r-oldrel-macos-x86_64, r-oldrel-windows-x86_64
These binaries (installable software) and packages are in development.
They may not be fully stable and should be used with caution. We make no claims about them.