Last updated on 2024-05-04 03:50:24 CEST.
Flavor | Version | Tinstall | Tcheck | Ttotal | Status | Flags |
---|---|---|---|---|---|---|
r-devel-linux-x86_64-debian-clang | 0.1.3 | 10.89 | 82.13 | 93.02 | NOTE | |
r-devel-linux-x86_64-fedora-clang | 0.1.3 | 110.36 | NOTE | |||
r-devel-linux-x86_64-fedora-gcc | 0.1.3 | 104.93 | NOTE | |||
r-devel-windows-x86_64 | 0.1.3 | 9.00 | 71.00 | 80.00 | NOTE | |
r-patched-linux-x86_64 | 0.1.3 | 7.28 | 76.91 | 84.19 | NOTE | |
r-release-linux-x86_64 | 0.1.3 | 6.34 | 75.62 | 81.96 | NOTE | |
r-release-macos-arm64 | 0.1.3 | 34.00 | NOTE | |||
r-release-windows-x86_64 | 0.1.3 | 7.00 | 70.00 | 77.00 | NOTE | |
r-oldrel-macos-arm64 | 0.1.3 | 36.00 | NOTE | |||
r-oldrel-macos-x86_64 | 0.1.3 | 58.00 | NOTE | |||
r-oldrel-windows-x86_64 | 0.1.3 | 9.00 | 81.00 | 90.00 | NOTE |
Version: 0.1.3
Check: LazyData
Result: NOTE
'LazyData' is specified without a 'data' directory
Flavors: r-devel-linux-x86_64-debian-clang, r-devel-linux-x86_64-fedora-clang, r-devel-linux-x86_64-fedora-gcc, r-devel-windows-x86_64, r-patched-linux-x86_64, r-release-linux-x86_64, r-release-macos-arm64, r-release-windows-x86_64, r-oldrel-macos-arm64, r-oldrel-macos-x86_64, r-oldrel-windows-x86_64
These binaries (installable software) and packages are in development.
They may not be fully stable and should be used with caution. We make no claims about them.