Last updated on 2024-05-04 03:50:24 CEST.
Flavor | Version | Tinstall | Tcheck | Ttotal | Status | Flags |
---|---|---|---|---|---|---|
r-devel-linux-x86_64-debian-clang | 2.6.1 | 7.95 | 70.75 | 78.70 | NOTE | |
r-devel-linux-x86_64-fedora-clang | 2.6.1 | 97.29 | NOTE | |||
r-devel-linux-x86_64-fedora-gcc | 2.6.1 | 92.63 | NOTE | |||
r-devel-windows-x86_64 | 2.6.1 | 8.00 | 72.00 | 80.00 | NOTE | |
r-patched-linux-x86_64 | 2.6.1 | 8.99 | 67.92 | 76.91 | NOTE | |
r-release-linux-x86_64 | 2.6.1 | 4.93 | 67.88 | 72.81 | NOTE | |
r-release-macos-arm64 | 2.6.1 | 29.00 | NOTE | |||
r-release-windows-x86_64 | 2.6.1 | 8.00 | 71.00 | 79.00 | NOTE | |
r-oldrel-macos-arm64 | 2.6.1 | 28.00 | OK | |||
r-oldrel-macos-x86_64 | 2.6.1 | 52.00 | OK | |||
r-oldrel-windows-x86_64 | 2.6.1 | 10.00 | 82.00 | 92.00 | OK |
Version: 2.6.1
Check: Rd files
Result: NOTE
checkRd: (-1) satisfaction.Rd:28: Lost braces
28 | Della Valle E (2010) Della Valle E 2010 Analisi Multidimensionale dei Dati: la Qualit\'{a} del Lavoro nelle Cooperative Sociali.
| ^
checkRd: (-1) satisfaction.Rd:29: Lost braces
29 | Unpublished thesis, Seconda Universit\'{a} degli Studi di Napoli, Capua Italy.
| ^
Flavors: r-devel-linux-x86_64-debian-clang, r-devel-linux-x86_64-fedora-clang, r-devel-linux-x86_64-fedora-gcc, r-devel-windows-x86_64, r-patched-linux-x86_64, r-release-linux-x86_64, r-release-macos-arm64, r-release-windows-x86_64
These binaries (installable software) and packages are in development.
They may not be fully stable and should be used with caution. We make no claims about them.