Last updated on 2025-10-23 11:50:18 CEST.
Flavor | Version | Tinstall | Tcheck | Ttotal | Status | Flags |
---|---|---|---|---|---|---|
r-devel-linux-x86_64-debian-clang | 1.7-1 | 575.22 | 135.68 | 710.90 | OK | |
r-devel-linux-x86_64-debian-gcc | 1.7-1 | 267.14 | 89.27 | 356.41 | OK | |
r-devel-linux-x86_64-fedora-clang | 1.7-1 | 576.00 | 518.45 | 1094.45 | OK | |
r-devel-linux-x86_64-fedora-gcc | 1.7-1 | 1200.00 | -221.84 | 978.16 | OK | |
r-devel-windows-x86_64 | 1.7-1 | 353.00 | 170.00 | 523.00 | OK | |
r-patched-linux-x86_64 | 1.7-1 | 384.27 | 127.12 | 511.39 | OK | |
r-release-linux-x86_64 | 1.7-1 | 382.61 | 128.40 | 511.01 | OK | |
r-release-macos-arm64 | 1.7-1 | 195.00 | 54.00 | 249.00 | OK | |
r-release-macos-x86_64 | 1.7-1 | 176.00 | 125.00 | 301.00 | OK | |
r-release-windows-x86_64 | 1.7-1 | 366.00 | 167.00 | 533.00 | OK | |
r-oldrel-macos-arm64 | 1.7-1 | 191.00 | 53.00 | 244.00 | NOTE | |
r-oldrel-macos-x86_64 | 1.7-1 | 146.00 | 117.00 | 263.00 | NOTE | |
r-oldrel-windows-x86_64 | 1.7-1 | 441.00 | 217.00 | 658.00 | OK |
Version: 1.7-1
Check: installed package size
Result: NOTE
installed size is 34.3Mb
sub-directories of 1Mb or more:
libs 33.2Mb
Flavors: r-oldrel-macos-arm64, r-oldrel-macos-x86_64
These binaries (installable software) and packages are in development.
They may not be fully stable and should be used with caution. We make no claims about them.