Last updated on 2024-05-04 03:50:25 CEST.
Flavor | Version | Tinstall | Tcheck | Ttotal | Status | Flags |
---|---|---|---|---|---|---|
r-devel-linux-x86_64-debian-clang | 0.16.3 | 7.99 | 92.81 | 100.80 | NOTE | |
r-devel-linux-x86_64-fedora-clang | 0.16.3 | 125.42 | NOTE | |||
r-devel-linux-x86_64-fedora-gcc | 0.16.3 | 115.30 | NOTE | |||
r-devel-windows-x86_64 | 0.16.3 | 6.00 | 86.00 | 92.00 | NOTE | |
r-patched-linux-x86_64 | 0.16.3 | 6.30 | 87.64 | 93.94 | NOTE | |
r-release-linux-x86_64 | 0.16.3 | 4.33 | 86.02 | 90.35 | NOTE | |
r-release-macos-arm64 | 0.16.3 | 42.00 | NOTE | |||
r-release-windows-x86_64 | 0.16.3 | 7.00 | 82.00 | 89.00 | NOTE | |
r-oldrel-macos-arm64 | 0.16.3 | 37.00 | NOTE | |||
r-oldrel-macos-x86_64 | 0.16.3 | 75.00 | NOTE | |||
r-oldrel-windows-x86_64 | 0.16.3 | 8.00 | 93.00 | 101.00 | NOTE |
Version: 0.16.3
Check: package dependencies
Result: NOTE
Package suggested but not available for checking: ‘cmdstanr’
Flavors: r-devel-linux-x86_64-debian-clang, r-devel-linux-x86_64-fedora-clang, r-devel-linux-x86_64-fedora-gcc, r-devel-windows-x86_64, r-patched-linux-x86_64, r-release-linux-x86_64, r-release-macos-arm64, r-release-windows-x86_64, r-oldrel-macos-arm64, r-oldrel-macos-x86_64, r-oldrel-windows-x86_64
These binaries (installable software) and packages are in development.
They may not be fully stable and should be used with caution. We make no claims about them.