Last updated on 2024-05-04 03:50:25 CEST.
Flavor | Version | Tinstall | Tcheck | Ttotal | Status | Flags |
---|---|---|---|---|---|---|
r-devel-linux-x86_64-debian-clang | 0.5.12 | 284.68 | 142.74 | 427.42 | OK | |
r-devel-linux-x86_64-fedora-clang | 0.5.12 | 607.06 | OK | |||
r-devel-linux-x86_64-fedora-gcc | 0.5.12 | 581.25 | OK | |||
r-devel-windows-x86_64 | 0.5.12 | 205.00 | 155.00 | 360.00 | OK | |
r-patched-linux-x86_64 | 0.5.12 | 190.82 | 134.41 | 325.23 | OK | |
r-release-linux-x86_64 | 0.5.12 | 224.20 | 135.46 | 359.66 | OK | |
r-release-macos-arm64 | 0.5.12 | 107.00 | NOTE | |||
r-release-windows-x86_64 | 0.5.12 | 204.00 | 157.00 | 361.00 | OK | |
r-oldrel-macos-arm64 | 0.5.12 | 120.00 | NOTE | |||
r-oldrel-macos-x86_64 | 0.5.12 | 182.00 | NOTE | |||
r-oldrel-windows-x86_64 | 0.5.12 | 256.00 | 194.00 | 450.00 | OK |
Version: 0.5.12
Check: installed package size
Result: NOTE
installed size is 8.6Mb
sub-directories of 1Mb or more:
data 2.7Mb
libs 5.4Mb
Flavors: r-release-macos-arm64, r-oldrel-macos-arm64, r-oldrel-macos-x86_64
These binaries (installable software) and packages are in development.
They may not be fully stable and should be used with caution. We make no claims about them.