Last updated on 2024-05-04 03:50:25 CEST.
Flavor | Version | Tinstall | Tcheck | Ttotal | Status | Flags |
---|---|---|---|---|---|---|
r-devel-linux-x86_64-debian-clang | 1.6.0 | 62.78 | 357.71 | 420.49 | NOTE | |
r-devel-linux-x86_64-fedora-clang | 1.6.0 | 524.75 | NOTE | |||
r-devel-linux-x86_64-fedora-gcc | 1.6.0 | 501.31 | NOTE | |||
r-devel-windows-x86_64 | 1.6.0 | 55.00 | 280.00 | 335.00 | NOTE | |
r-patched-linux-x86_64 | 1.6.0 | 65.40 | 334.59 | 399.99 | NOTE | |
r-release-linux-x86_64 | 1.6.0 | 64.14 | 331.59 | 395.73 | NOTE | |
r-release-macos-arm64 | 1.6.0 | 109.00 | NOTE | |||
r-release-windows-x86_64 | 1.6.0 | 51.00 | 277.00 | 328.00 | NOTE | |
r-oldrel-macos-arm64 | 1.6.0 | 137.00 | OK | |||
r-oldrel-macos-x86_64 | 1.6.0 | 245.00 | OK | |||
r-oldrel-windows-x86_64 | 1.6.0 | 69.00 | 372.00 | 441.00 | OK |
Version: 1.6.0
Check: Rd files
Result: NOTE
checkRd: (-1) calcQuantiles.Rd:52: Lost braces; missing escapes or markup?
52 | {M/F}\emph{Mean}(patchNum).csv and {M/F}\emph{Quantile}(quantNum)_(patchNum).csv.
| ^
checkRd: (-1) calcQuantiles.Rd:52: Lost braces; missing escapes or markup?
52 | {M/F}\emph{Mean}(patchNum).csv and {M/F}\emph{Quantile}(quantNum)_(patchNum).csv.
| ^
Flavors: r-devel-linux-x86_64-debian-clang, r-devel-linux-x86_64-fedora-clang, r-devel-linux-x86_64-fedora-gcc, r-devel-windows-x86_64, r-patched-linux-x86_64, r-release-linux-x86_64, r-release-macos-arm64, r-release-windows-x86_64
These binaries (installable software) and packages are in development.
They may not be fully stable and should be used with caution. We make no claims about them.