Last updated on 2024-05-04 03:50:25 CEST.
Flavor | Version | Tinstall | Tcheck | Ttotal | Status | Flags |
---|---|---|---|---|---|---|
r-devel-linux-x86_64-debian-clang | 1.0.2 | 4.38 | 61.30 | 65.68 | NOTE | |
r-devel-linux-x86_64-fedora-clang | 1.0.2 | 79.93 | NOTE | |||
r-devel-linux-x86_64-fedora-gcc | 1.0.2 | 78.16 | NOTE | |||
r-devel-windows-x86_64 | 1.0.2 | 5.00 | 71.00 | 76.00 | NOTE | |
r-patched-linux-x86_64 | 1.0.2 | 4.27 | 60.30 | 64.57 | NOTE | |
r-release-linux-x86_64 | 1.0.2 | 4.90 | 59.22 | 64.12 | NOTE | |
r-release-macos-arm64 | 1.0.2 | 30.00 | NOTE | |||
r-release-windows-x86_64 | 1.0.2 | 5.00 | 71.00 | 76.00 | NOTE | |
r-oldrel-macos-arm64 | 1.0.2 | 33.00 | NOTE | |||
r-oldrel-macos-x86_64 | 1.0.2 | 49.00 | NOTE | |||
r-oldrel-windows-x86_64 | 1.0.2 | 5.00 | 77.00 | 82.00 | NOTE |
Version: 1.0.2
Check: LazyData
Result: NOTE
'LazyData' is specified without a 'data' directory
Flavors: r-devel-linux-x86_64-debian-clang, r-devel-linux-x86_64-fedora-clang, r-devel-linux-x86_64-fedora-gcc, r-devel-windows-x86_64, r-patched-linux-x86_64, r-release-linux-x86_64, r-release-macos-arm64, r-release-windows-x86_64, r-oldrel-macos-arm64, r-oldrel-macos-x86_64, r-oldrel-windows-x86_64
These binaries (installable software) and packages are in development.
They may not be fully stable and should be used with caution. We make no claims about them.