Last updated on 2024-05-04 03:50:25 CEST.
Flavor | Version | Tinstall | Tcheck | Ttotal | Status | Flags |
---|---|---|---|---|---|---|
r-devel-linux-x86_64-debian-clang | 1.0.0 | 13.81 | 118.66 | 132.47 | NOTE | |
r-devel-linux-x86_64-fedora-clang | 1.0.0 | 165.00 | NOTE | |||
r-devel-linux-x86_64-fedora-gcc | 1.0.0 | 150.59 | NOTE | |||
r-devel-windows-x86_64 | 1.0.0 | 13.00 | 107.00 | 120.00 | NOTE | |
r-patched-linux-x86_64 | 1.0.0 | 20.27 | 109.05 | 129.32 | NOTE | |
r-release-linux-x86_64 | 1.0.0 | 9.91 | 110.09 | 120.00 | NOTE | |
r-release-macos-arm64 | 1.0.0 | 44.00 | NOTE | |||
r-release-windows-x86_64 | 1.0.0 | 13.00 | 104.00 | 117.00 | NOTE | |
r-oldrel-macos-arm64 | 1.0.0 | 50.00 | OK | |||
r-oldrel-macos-x86_64 | 1.0.0 | 83.00 | OK | |||
r-oldrel-windows-x86_64 | 1.0.0 | 18.00 | 124.00 | 142.00 | OK |
Version: 1.0.0
Check: Rd files
Result: NOTE
checkRd: (-1) MLGL.Rd:43: Lost braces; missing escapes or markup?
43 | \item{y}{vector of size n. If loss = "logit", elements of y must be in {-1,1}}
| ^
checkRd: (-1) cv.MLGL.Rd:25: Lost braces; missing escapes or markup?
25 | \item{y}{vector of size n. If loss = "logit", elements of y must be in {-1,1}}
| ^
checkRd: (-1) overlapgglasso.Rd:26: Lost braces; missing escapes or markup?
26 | \item{y}{vector of size n. If loss = "logit", elements of y must be in {-1,1}}
| ^
checkRd: (-1) stability.MLGL.Rd:25: Lost braces; missing escapes or markup?
25 | \item{y}{vector of size n. If loss = "logit", elements of y must be in {-1,1}}
| ^
Flavors: r-devel-linux-x86_64-debian-clang, r-devel-linux-x86_64-fedora-clang, r-devel-linux-x86_64-fedora-gcc, r-devel-windows-x86_64, r-patched-linux-x86_64, r-release-linux-x86_64, r-release-macos-arm64, r-release-windows-x86_64
These binaries (installable software) and packages are in development.
They may not be fully stable and should be used with caution. We make no claims about them.