Last updated on 2024-05-04 03:50:25 CEST.
Flavor | Version | Tinstall | Tcheck | Ttotal | Status | Flags |
---|---|---|---|---|---|---|
r-devel-linux-x86_64-debian-clang | 1.1.0 | 11.16 | 121.36 | 132.52 | NOTE | |
r-devel-linux-x86_64-fedora-clang | 1.1.0 | 160.97 | NOTE | |||
r-devel-linux-x86_64-fedora-gcc | 1.1.0 | 160.37 | NOTE | |||
r-devel-windows-x86_64 | 1.1.0 | 12.00 | 97.00 | 109.00 | NOTE | |
r-patched-linux-x86_64 | 1.1.0 | 8.54 | 111.01 | 119.55 | NOTE | |
r-release-linux-x86_64 | 1.1.0 | 7.69 | 114.38 | 122.07 | NOTE | |
r-release-macos-arm64 | 1.1.0 | 46.00 | NOTE | |||
r-release-windows-x86_64 | 1.1.0 | 11.00 | 95.00 | 106.00 | NOTE | |
r-oldrel-macos-arm64 | 1.1.0 | 48.00 | OK | |||
r-oldrel-macos-x86_64 | 1.1.0 | 82.00 | OK | |||
r-oldrel-windows-x86_64 | 1.1.0 | 15.00 | 117.00 | 132.00 | OK |
Version: 1.1.0
Check: Rd files
Result: NOTE
checkRd: (-1) rMNB.Rd:23: Lost braces; missing escapes or markup?
23 | It simulates a multivariate response variable, Y_{ij}, that is jth measurement
| ^
Flavors: r-devel-linux-x86_64-debian-clang, r-devel-linux-x86_64-fedora-clang, r-devel-linux-x86_64-fedora-gcc, r-devel-windows-x86_64, r-patched-linux-x86_64, r-release-linux-x86_64, r-release-macos-arm64, r-release-windows-x86_64
These binaries (installable software) and packages are in development.
They may not be fully stable and should be used with caution. We make no claims about them.