Last updated on 2024-05-04 03:50:26 CEST.
Flavor | Version | Tinstall | Tcheck | Ttotal | Status | Flags |
---|---|---|---|---|---|---|
r-devel-linux-x86_64-debian-clang | 1.1.0 | 5.74 | 53.61 | 59.35 | NOTE | |
r-devel-linux-x86_64-fedora-clang | 1.1.0 | 70.99 | NOTE | |||
r-devel-linux-x86_64-fedora-gcc | 1.1.0 | 68.30 | NOTE | |||
r-devel-windows-x86_64 | 1.1.0 | 7.00 | 66.00 | 73.00 | NOTE | |
r-patched-linux-x86_64 | 1.1.0 | 7.07 | 51.92 | 58.99 | NOTE | |
r-release-linux-x86_64 | 1.1.0 | 4.96 | 50.07 | 55.03 | NOTE | |
r-release-macos-arm64 | 1.1.0 | 24.00 | NOTE | |||
r-release-windows-x86_64 | 1.1.0 | 6.00 | 66.00 | 72.00 | NOTE | |
r-oldrel-macos-arm64 | 1.1.0 | 26.00 | OK | |||
r-oldrel-macos-x86_64 | 1.1.0 | 38.00 | OK | |||
r-oldrel-windows-x86_64 | 1.1.0 | 7.00 | 72.00 | 79.00 | OK |
Version: 1.1.0
Check: Rd contents
Result: NOTE
Argument items with no description in Rd file 'DAGOSTINO.Rd':
‘data’
Argument items with no description in Rd file 'HZ.test.Rd':
‘data’
Argument items with no description in Rd file 'MardiaTest.Rd':
‘data’
Argument items with no description in Rd file 'Royston.test.Rd':
‘data’
Argument items with no description in Rd file 'gen.var.Rd':
‘\dots’
Argument items with no description in Rd file 'larg.ellip.Rd':
‘n’ ‘box’ ‘add’ ‘xlim’ ‘ylim’ ‘zlim’ ‘xlab’ ‘ylab’ ‘zlab’ ‘col’
‘alpha’ ‘\dots’
Argument items with no description in Rd file 'prism.Rd':
‘add’
Flavors: r-devel-linux-x86_64-debian-clang, r-devel-linux-x86_64-fedora-clang, r-devel-linux-x86_64-fedora-gcc, r-devel-windows-x86_64, r-patched-linux-x86_64, r-release-linux-x86_64, r-release-macos-arm64, r-release-windows-x86_64
These binaries (installable software) and packages are in development.
They may not be fully stable and should be used with caution. We make no claims about them.