Last updated on 2025-10-24 19:50:38 CEST.
| Flavor | Version | Tinstall | Tcheck | Ttotal | Status | Flags |
|---|---|---|---|---|---|---|
| r-devel-linux-x86_64-debian-clang | 0.1.5 | 120.30 | 85.75 | 206.05 | WARN | |
| r-devel-linux-x86_64-debian-gcc | 0.1.6 | 87.14 | 59.52 | 146.66 | OK | |
| r-devel-linux-x86_64-fedora-clang | 0.1.6 | 424.00 | -76.72 | 347.28 | OK | |
| r-devel-linux-x86_64-fedora-gcc | 0.1.6 | 168.00 | 196.53 | 364.53 | OK | |
| r-devel-windows-x86_64 | 0.1.5 | 125.00 | 135.00 | 260.00 | WARN | |
| r-patched-linux-x86_64 | 0.1.5 | 133.18 | 75.43 | 208.61 | WARN | |
| r-release-linux-x86_64 | 0.1.5 | 120.34 | 74.75 | 195.09 | WARN | |
| r-release-macos-arm64 | 0.1.6 | 48.00 | 29.00 | 77.00 | OK | |
| r-release-macos-x86_64 | 0.1.6 | 137.00 | 95.00 | 232.00 | OK | |
| r-release-windows-x86_64 | 0.1.5 | 127.00 | 140.00 | 267.00 | WARN | |
| r-oldrel-macos-arm64 | 0.1.6 | 45.00 | 33.00 | 78.00 | NOTE | |
| r-oldrel-macos-x86_64 | 0.1.6 | 139.00 | 94.00 | 233.00 | NOTE | |
| r-oldrel-windows-x86_64 | 0.1.6 | 103.00 | 173.00 | 276.00 | OK |
Version: 0.1.5
Check: whether package can be installed
Result: WARN
Found the following significant warnings:
htest_LRTest.cpp:260:28: warning: 'is_finite<double>' is deprecated: change arma::is_finite(val) to std::isfinite(val) [-Wdeprecated-declarations]
See ‘/home/hornik/tmp/R.check/r-devel-clang/Work/PKGS/MSTest.Rcheck/00install.out’ for details.
* used C++ compiler: ‘Debian clang version 19.1.7 (7)’
Flavor: r-devel-linux-x86_64-debian-clang
Version: 0.1.5
Check: whether package can be installed
Result: WARN
Found the following significant warnings:
htest_LRTest.cpp:260:37: warning: 'bool arma::is_finite(eT, const typename arma_scalar_only<eT>::result*) [with eT = double; typename arma_scalar_only<eT>::result = double]' is deprecated: change arma::is_finite(val) to std::isfinite(val) [-Wdeprecated-declarations]
See 'd:/Rcompile/CRANpkg/local/4.6/MSTest.Rcheck/00install.out' for details.
* used C++ compiler: 'g++.exe (GCC) 14.2.0'
Flavor: r-devel-windows-x86_64
Version: 0.1.5
Check: whether package can be installed
Result: WARN
Found the following significant warnings:
htest_LRTest.cpp:260:37: warning: ‘bool arma::is_finite(eT, const typename arma_scalar_only<eT>::result*) [with eT = double; typename arma_scalar_only<eT>::result = double]’ is deprecated: change arma::is_finite(val) to std::isfinite(val) [-Wdeprecated-declarations]
See ‘/home/hornik/tmp/R.check/r-patched-gcc/Work/PKGS/MSTest.Rcheck/00install.out’ for details.
* used C++ compiler: ‘g++-14 (Debian 14.3.0-8) 14.3.0’
Flavor: r-patched-linux-x86_64
Version: 0.1.5
Check: whether package can be installed
Result: WARN
Found the following significant warnings:
htest_LRTest.cpp:260:37: warning: ‘bool arma::is_finite(eT, const typename arma_scalar_only<eT>::result*) [with eT = double; typename arma_scalar_only<eT>::result = double]’ is deprecated: change arma::is_finite(val) to std::isfinite(val) [-Wdeprecated-declarations]
See ‘/home/hornik/tmp/R.check/r-release-gcc/Work/PKGS/MSTest.Rcheck/00install.out’ for details.
* used C++ compiler: ‘g++-14 (Debian 14.3.0-8) 14.3.0’
Flavor: r-release-linux-x86_64
Version: 0.1.5
Check: whether package can be installed
Result: WARN
Found the following significant warnings:
htest_LRTest.cpp:260:37: warning: 'bool arma::is_finite(eT, const typename arma_scalar_only<eT>::result*) [with eT = double; typename arma_scalar_only<eT>::result = double]' is deprecated: change arma::is_finite(val) to std::isfinite(val) [-Wdeprecated-declarations]
See 'd:/Rcompile/CRANpkg/local/4.5/MSTest.Rcheck/00install.out' for details.
* used C++ compiler: 'g++.exe (GCC) 14.2.0'
Flavor: r-release-windows-x86_64
Version: 0.1.6
Check: installed package size
Result: NOTE
installed size is 18.2Mb
sub-directories of 1Mb or more:
libs 17.0Mb
Flavors: r-oldrel-macos-arm64, r-oldrel-macos-x86_64
These binaries (installable software) and packages are in development.
They may not be fully stable and should be used with caution. We make no claims about them.