Last updated on 2024-05-04 03:50:24 CEST.
Flavor | Version | Tinstall | Tcheck | Ttotal | Status | Flags |
---|---|---|---|---|---|---|
r-devel-linux-x86_64-debian-clang | 0.7.2 | 7.10 | 106.38 | 113.48 | NOTE | |
r-devel-linux-x86_64-fedora-clang | 0.7.2 | 143.69 | NOTE | |||
r-devel-linux-x86_64-fedora-gcc | 0.7.2 | 157.76 | NOTE | |||
r-devel-windows-x86_64 | 0.7.2 | 7.00 | 152.00 | 159.00 | NOTE | |
r-patched-linux-x86_64 | 0.7.2 | 4.77 | 103.38 | 108.15 | NOTE | |
r-release-linux-x86_64 | 0.7.2 | 6.37 | 99.85 | 106.22 | NOTE | |
r-release-macos-arm64 | 0.7.2 | 52.00 | NOTE | |||
r-release-windows-x86_64 | 0.7.2 | 6.00 | 95.00 | 101.00 | NOTE | |
r-oldrel-macos-arm64 | 0.7.2 | 58.00 | NOTE | |||
r-oldrel-macos-x86_64 | 0.7.2 | 81.00 | NOTE | |||
r-oldrel-windows-x86_64 | 0.7.2 | 8.00 | 114.00 | 122.00 | NOTE |
Version: 0.7.2
Check: package dependencies
Result: NOTE
Package suggested but not available for checking: ‘margins’
Flavors: r-devel-linux-x86_64-debian-clang, r-devel-linux-x86_64-fedora-clang, r-devel-linux-x86_64-fedora-gcc, r-patched-linux-x86_64, r-release-linux-x86_64
Version: 0.7.2
Check: Rd files
Result: NOTE
checkRd: (-1) mma.Rd:67: Escaped LaTeX specials: \&
Flavors: r-devel-linux-x86_64-debian-clang, r-devel-linux-x86_64-fedora-clang, r-devel-linux-x86_64-fedora-gcc, r-devel-windows-x86_64, r-patched-linux-x86_64, r-release-linux-x86_64, r-release-macos-arm64, r-release-windows-x86_64, r-oldrel-macos-arm64, r-oldrel-macos-x86_64, r-oldrel-windows-x86_64
These binaries (installable software) and packages are in development.
They may not be fully stable and should be used with caution. We make no claims about them.