Last updated on 2025-10-25 09:49:35 CEST.
| Flavor | Version | Tinstall | Tcheck | Ttotal | Status | Flags |
|---|---|---|---|---|---|---|
| r-devel-linux-x86_64-debian-clang | 4.1-2 | 4.05 | 21.58 | 25.63 | NOTE | |
| r-devel-linux-x86_64-debian-gcc | 4.1-2 | 3.35 | 17.71 | 21.06 | NOTE | |
| r-devel-linux-x86_64-fedora-clang | 4.1-2 | 37.65 | OK | |||
| r-devel-linux-x86_64-fedora-gcc | 4.1-2 | 14.00 | 24.19 | 38.19 | OK | |
| r-devel-windows-x86_64 | 4.1-2 | 7.00 | 44.00 | 51.00 | OK | |
| r-patched-linux-x86_64 | 4.1-2 | 3.73 | 20.49 | 24.22 | OK | |
| r-release-linux-x86_64 | 4.1-2 | 3.96 | 20.32 | 24.28 | OK | |
| r-release-macos-arm64 | 4.1-2 | 3.00 | 13.00 | 16.00 | OK | |
| r-release-macos-x86_64 | 4.1-2 | 5.00 | 21.00 | 26.00 | OK | |
| r-release-windows-x86_64 | 4.1-2 | 9.00 | 47.00 | 56.00 | OK | |
| r-oldrel-macos-arm64 | 4.1-2 | 3.00 | 14.00 | 17.00 | OK | |
| r-oldrel-macos-x86_64 | 4.1-2 | 5.00 | 19.00 | 24.00 | OK | |
| r-oldrel-windows-x86_64 | 4.1-2 | 8.00 | 53.00 | 61.00 | OK |
Version: 4.1-2
Check: CRAN incoming feasibility
Result: NOTE
Maintainer: ‘Shan Ba <shanbatr@gmail.com>’
No Authors@R field in DESCRIPTION.
Please add one, modifying
Authors@R: c(person(given = "Shan",
family = "Ba",
role = c("aut", "cre"),
email = "shanbatr@gmail.com"),
person(given = c("V.", "Roshan"),
family = "Joseph",
role = "aut"))
as necessary.
Flavors: r-devel-linux-x86_64-debian-clang, r-devel-linux-x86_64-debian-gcc
These binaries (installable software) and packages are in development.
They may not be fully stable and should be used with caution. We make no claims about them.