Last updated on 2024-05-04 03:50:25 CEST.
Flavor | Version | Tinstall | Tcheck | Ttotal | Status | Flags |
---|---|---|---|---|---|---|
r-devel-linux-x86_64-debian-clang | 1.1.0 | 0.83 | 2.34 | 3.17 | ERROR | |
r-devel-linux-x86_64-fedora-clang | 1.1.0 | 764.14 | OK | |||
r-devel-linux-x86_64-fedora-gcc | 1.1.0 | 731.37 | OK | |||
r-devel-windows-x86_64 | 1.1.0 | 59.00 | 418.00 | 477.00 | OK | |
r-patched-linux-x86_64 | 1.1.0 | 53.07 | 479.57 | 532.64 | OK | |
r-release-linux-x86_64 | 1.1.0 | 46.07 | 484.92 | 530.99 | OK | |
r-release-macos-arm64 | 1.1.0 | 150.00 | NOTE | |||
r-release-macos-x86_64 | 1.1.0 | 293.00 | NOTE | |||
r-release-windows-x86_64 | 1.1.0 | 59.00 | 402.00 | 461.00 | OK | |
r-oldrel-macos-arm64 | 1.1.0 | 223.00 | OK | |||
r-oldrel-macos-x86_64 | 1.1.0 | 407.00 | OK | |||
r-oldrel-windows-x86_64 | 1.1.0 | 73.00 | 527.00 | 600.00 | OK |
Version: 1.1.0
Check: package dependencies
Result: ERROR
Package required but not available: ‘AnnotationDbi’
Packages suggested but not available for checking:
'TxDb.Hsapiens.UCSC.hg19.knownGene', 'org.Hs.eg.db'
See section ‘The DESCRIPTION file’ in the ‘Writing R Extensions’
manual.
Flavor: r-devel-linux-x86_64-debian-clang
Version: 1.1.0
Check: package dependencies
Result: NOTE
Package suggested but not available for checking: ‘TxDb.Hsapiens.UCSC.hg19.knownGene’
Flavors: r-release-macos-arm64, r-release-macos-x86_64
These binaries (installable software) and packages are in development.
They may not be fully stable and should be used with caution. We make no claims about them.