Last updated on 2024-05-04 03:50:25 CEST.
Flavor | Version | Tinstall | Tcheck | Ttotal | Status | Flags |
---|---|---|---|---|---|---|
r-devel-linux-x86_64-debian-clang | 1.0 | 44.35 | 106.83 | 151.18 | OK | |
r-devel-linux-x86_64-fedora-clang | 1.0 | 195.57 | NOTE | |||
r-devel-linux-x86_64-fedora-gcc | 1.0 | 202.56 | NOTE | |||
r-devel-windows-x86_64 | 1.0 | 37.00 | 113.00 | 150.00 | OK | |
r-patched-linux-x86_64 | 1.0 | 38.91 | 101.55 | 140.46 | OK | |
r-release-linux-x86_64 | 1.0 | 46.09 | 99.90 | 145.99 | OK | |
r-release-macos-arm64 | 1.0 | 50.00 | OK | |||
r-release-windows-x86_64 | 1.0 | 37.00 | 105.00 | 142.00 | OK | |
r-oldrel-macos-arm64 | 1.0 | 65.00 | OK | |||
r-oldrel-macos-x86_64 | 1.0 | 115.00 | OK | |||
r-oldrel-windows-x86_64 | 1.0 | 46.00 | 133.00 | 179.00 | OK |
Version: 1.0
Check: compiled code
Result: NOTE
File ‘MiSPU/libs/MiSPU.so’:
Found no calls to: ‘R_registerRoutines’, ‘R_useDynamicSymbols’
It is good practice to register native routines and to disable symbol
search.
See ‘Writing portable packages’ in the ‘Writing R Extensions’ manual.
Flavors: r-devel-linux-x86_64-fedora-clang, r-devel-linux-x86_64-fedora-gcc
These binaries (installable software) and packages are in development.
They may not be fully stable and should be used with caution. We make no claims about them.