Last updated on 2024-05-04 03:50:25 CEST.
Flavor | Version | Tinstall | Tcheck | Ttotal | Status | Flags |
---|---|---|---|---|---|---|
r-devel-linux-x86_64-debian-clang | 2.4.0 | 17.52 | 57.10 | 74.62 | OK | |
r-devel-linux-x86_64-fedora-clang | 2.4.0 | 99.05 | NOTE | |||
r-devel-linux-x86_64-fedora-gcc | 2.4.0 | 110.57 | NOTE | |||
r-devel-windows-x86_64 | 2.4.0 | 17.00 | 83.00 | 100.00 | OK | |
r-patched-linux-x86_64 | 2.4.0 | 24.14 | 55.24 | 79.38 | OK | |
r-release-linux-x86_64 | 2.4.0 | 17.81 | 54.72 | 72.53 | OK | |
r-release-macos-arm64 | 2.4.0 | 42.00 | OK | |||
r-release-windows-x86_64 | 2.4.0 | 17.00 | 78.00 | 95.00 | OK | |
r-oldrel-macos-arm64 | 2.4.0 | 42.00 | OK | |||
r-oldrel-macos-x86_64 | 2.4.0 | 67.00 | OK | |||
r-oldrel-windows-x86_64 | 2.4.0 | 21.00 | 85.00 | 106.00 | OK |
Version: 2.4.0
Check: dependencies in R code
Result: NOTE
Namespaces in Imports field not imported from:
‘R6’ ‘curl’ ‘jsonlite’ ‘parallel’ ‘tools’ ‘vctrs’
All declared Imports should be used.
Flavors: r-devel-linux-x86_64-fedora-clang, r-devel-linux-x86_64-fedora-gcc
These binaries (installable software) and packages are in development.
They may not be fully stable and should be used with caution. We make no claims about them.