Last updated on 2024-05-04 03:50:25 CEST.
Flavor | Version | Tinstall | Tcheck | Ttotal | Status | Flags |
---|---|---|---|---|---|---|
r-devel-linux-x86_64-debian-clang | 0.9.1 | 1.24 | 2.46 | 3.70 | ERROR | |
r-devel-linux-x86_64-fedora-clang | 0.9.1 | 1224.63 | OK | |||
r-devel-linux-x86_64-fedora-gcc | 0.9.1 | 1111.40 | OK | |||
r-devel-windows-x86_64 | 0.9.1 | 56.00 | 620.00 | 676.00 | OK | |
r-patched-linux-x86_64 | 0.9.1 | 50.66 | 791.12 | 841.78 | OK | |
r-release-linux-x86_64 | 0.7.10 | 41.58 | 778.66 | 820.24 | OK | |
r-release-macos-arm64 | 0.9.1 | 285.00 | NOTE | |||
r-release-macos-x86_64 | 0.9.1 | 792.00 | NOTE | |||
r-release-windows-x86_64 | 0.9.1 | 56.00 | 534.00 | 590.00 | OK | |
r-oldrel-macos-arm64 | 0.9.1 | 10.00 | ERROR | |||
r-oldrel-macos-x86_64 | 0.9.1 | 7.00 | ERROR | |||
r-oldrel-windows-x86_64 | 0.9.1 | 61.00 | 642.00 | 703.00 | OK |
Version: 0.9.1
Check: package dependencies
Result: ERROR
Package required but not available: ‘dada2’
Packages suggested but not available for checking:
'ANCOMBC', 'DESeq2', 'mia', 'SummarizedExperiment'
See section ‘The DESCRIPTION file’ in the ‘Writing R Extensions’
manual.
Flavor: r-devel-linux-x86_64-debian-clang
Version: 0.9.1
Check: package dependencies
Result: NOTE
Packages suggested but not available for checking: 'ANCOMBC', 'mia'
Flavors: r-release-macos-arm64, r-release-macos-x86_64
Version: 0.9.1
Check: Rd cross-references
Result: NOTE
Package unavailable to check Rd xrefs: ‘ANCOMBC’
Flavors: r-release-macos-arm64, r-release-macos-x86_64
Version: 0.9.1
Check: package dependencies
Result: ERROR
Packages required but not available: 'phyloseq', 'dada2'
Packages suggested but not available for checking:
'ANCOMBC', 'mia', 'phyloseqGraphTest'
See section ‘The DESCRIPTION file’ in the ‘Writing R Extensions’
manual.
Flavors: r-oldrel-macos-arm64, r-oldrel-macos-x86_64
These binaries (installable software) and packages are in development.
They may not be fully stable and should be used with caution. We make no claims about them.