Last updated on 2024-05-04 03:50:25 CEST.
Flavor | Version | Tinstall | Tcheck | Ttotal | Status | Flags |
---|---|---|---|---|---|---|
r-devel-linux-x86_64-debian-clang | 0.2.6 | 67.30 | 84.73 | 152.03 | NOTE | |
r-devel-linux-x86_64-fedora-clang | 0.2.6 | 209.35 | NOTE | |||
r-devel-linux-x86_64-fedora-gcc | 0.2.6 | 226.47 | NOTE | |||
r-devel-windows-x86_64 | 0.2.6 | 56.00 | 114.00 | 170.00 | NOTE | |
r-patched-linux-x86_64 | 0.2.6 | 63.58 | 78.81 | 142.39 | NOTE | |
r-release-linux-x86_64 | 0.2.6 | 61.10 | 78.80 | 139.90 | NOTE | |
r-release-macos-arm64 | 0.2.6 | 55.00 | NOTE | |||
r-release-windows-x86_64 | 0.2.6 | 52.00 | 106.00 | 158.00 | NOTE | |
r-oldrel-macos-arm64 | 0.2.6 | 67.00 | NOTE | |||
r-oldrel-macos-x86_64 | 0.2.6 | 98.00 | NOTE | |||
r-oldrel-windows-x86_64 | 0.2.6 | 63.00 | 129.00 | 192.00 | NOTE |
Version: 0.2.6
Check: C++ specification
Result: NOTE
Specified C++11: please drop specification unless essential
Flavors: r-devel-linux-x86_64-debian-clang, r-devel-linux-x86_64-fedora-clang, r-devel-linux-x86_64-fedora-gcc, r-devel-windows-x86_64, r-patched-linux-x86_64, r-release-linux-x86_64, r-release-macos-arm64, r-release-windows-x86_64, r-oldrel-macos-arm64, r-oldrel-macos-x86_64, r-oldrel-windows-x86_64
These binaries (installable software) and packages are in development.
They may not be fully stable and should be used with caution. We make no claims about them.