Last updated on 2024-05-04 03:50:25 CEST.
Flavor | Version | Tinstall | Tcheck | Ttotal | Status | Flags |
---|---|---|---|---|---|---|
r-devel-linux-x86_64-debian-clang | 0.1-3 | 18.26 | 118.30 | 136.56 | NOTE | |
r-devel-linux-x86_64-fedora-clang | 0.1-3 | 166.48 | NOTE | |||
r-devel-linux-x86_64-fedora-gcc | 0.1-3 | 178.51 | NOTE | |||
r-devel-windows-x86_64 | 0.1-3 | 27.00 | 131.00 | 158.00 | NOTE | |
r-patched-linux-x86_64 | 0.1-3 | 15.71 | 112.33 | 128.04 | NOTE | |
r-release-linux-x86_64 | 0.1-3 | 13.96 | 113.30 | 127.26 | NOTE | |
r-release-macos-arm64 | 0.1-3 | 58.00 | NOTE | |||
r-release-windows-x86_64 | 0.1-3 | 24.00 | 128.00 | 152.00 | NOTE | |
r-oldrel-macos-arm64 | 0.1-3 | 63.00 | NOTE | |||
r-oldrel-macos-x86_64 | 0.1-3 | 142.00 | NOTE | |||
r-oldrel-windows-x86_64 | 0.1-3 | 29.00 | 144.00 | 173.00 | OK |
Version: 0.1-3
Check: Rd files
Result: NOTE
checkRd: (-1) u4_cba_cor.Rd:35: Lost braces
35 | \code{t * 1} and \code{B} is of dimension{t * N}. Ideally, \code{fun.sim}()
| ^
Flavors: r-devel-linux-x86_64-debian-clang, r-devel-linux-x86_64-fedora-clang, r-devel-linux-x86_64-fedora-gcc, r-devel-windows-x86_64, r-patched-linux-x86_64, r-release-linux-x86_64, r-release-macos-arm64, r-release-windows-x86_64
Version: 0.1-3
Check: package dependencies
Result: NOTE
Package which this enhances but not available for checking: ‘pbdMPI’
Flavors: r-release-macos-arm64, r-oldrel-macos-arm64, r-oldrel-macos-x86_64
These binaries (installable software) and packages are in development.
They may not be fully stable and should be used with caution. We make no claims about them.