Last updated on 2024-05-04 03:50:25 CEST.
Flavor | Version | Tinstall | Tcheck | Ttotal | Status | Flags |
---|---|---|---|---|---|---|
r-devel-linux-x86_64-debian-clang | 0.9.6 | 17.96 | 154.95 | 172.91 | OK | |
r-devel-linux-x86_64-fedora-clang | 0.9.6 | 207.25 | NOTE | |||
r-devel-linux-x86_64-fedora-gcc | 0.9.6 | 211.53 | OK | |||
r-devel-windows-x86_64 | 0.9.6 | 18.00 | 127.00 | 145.00 | OK | |
r-patched-linux-x86_64 | 0.9.6 | 18.41 | 145.08 | 163.49 | OK | |
r-release-linux-x86_64 | 0.9.6 | 17.14 | 143.68 | 160.82 | OK | |
r-release-macos-arm64 | 0.9.6 | 55.00 | OK | |||
r-release-macos-x86_64 | 0.9.6 | 111.00 | OK | |||
r-release-windows-x86_64 | 0.9.6 | 19.00 | 134.00 | 153.00 | OK | |
r-oldrel-macos-arm64 | 0.9.6 | 60.00 | OK | |||
r-oldrel-macos-x86_64 | 0.9.6 | 114.00 | OK | |||
r-oldrel-windows-x86_64 | 0.9.6 | 22.00 | 162.00 | 184.00 | OK |
Version: 0.9.6
Check: Rd cross-references
Result: NOTE
Undeclared package ‘pscl’ in Rd xrefs
Flavor: r-devel-linux-x86_64-fedora-clang
These binaries (installable software) and packages are in development.
They may not be fully stable and should be used with caution. We make no claims about them.