CRAN Package Check Results for Package MullerPlot

Last updated on 2025-11-17 15:50:09 CET.

Flavor Version Tinstall Tcheck Ttotal Status Flags
r-devel-linux-x86_64-debian-clang 0.1.3 2.18 29.88 32.06 NOTE
r-devel-linux-x86_64-debian-gcc 0.1.3 1.82 24.46 26.28 NOTE
r-devel-linux-x86_64-fedora-clang 0.1.3 50.08 NOTE
r-devel-linux-x86_64-fedora-gcc 0.1.3 59.95 NOTE
r-devel-windows-x86_64 0.1.3 4.00 46.00 50.00 NOTE
r-patched-linux-x86_64 0.1.3 2.02 27.54 29.56 NOTE
r-release-linux-x86_64 0.1.3 2.04 27.57 29.61 NOTE
r-release-macos-arm64 0.1.3 2.00 26.00 28.00 NOTE
r-release-macos-x86_64 0.1.3 3.00 65.00 68.00 NOTE
r-release-windows-x86_64 0.1.3 5.00 45.00 50.00 NOTE
r-oldrel-macos-arm64 0.1.3 1.00 21.00 22.00 NOTE
r-oldrel-macos-x86_64 0.1.3 2.00 37.00 39.00 NOTE
r-oldrel-windows-x86_64 0.1.3 4.00 52.00 56.00 NOTE

Check Details

Version: 0.1.3
Check: package subdirectories
Result: NOTE Problems with news in ‘NEWS.md’: No news entries found. Flavors: r-devel-linux-x86_64-debian-clang, r-devel-linux-x86_64-debian-gcc, r-devel-linux-x86_64-fedora-clang, r-devel-linux-x86_64-fedora-gcc, r-devel-windows-x86_64, r-patched-linux-x86_64, r-release-linux-x86_64, r-release-macos-arm64, r-release-macos-x86_64, r-release-windows-x86_64, r-oldrel-macos-arm64, r-oldrel-macos-x86_64, r-oldrel-windows-x86_64

These binaries (installable software) and packages are in development.
They may not be fully stable and should be used with caution. We make no claims about them.