Last updated on 2025-10-23 19:50:24 CEST.
Flavor | Version | Tinstall | Tcheck | Ttotal | Status | Flags |
---|---|---|---|---|---|---|
r-devel-linux-x86_64-debian-clang | 2.4.4 | 6.25 | 53.07 | 59.32 | NOTE | |
r-devel-linux-x86_64-debian-gcc | 2.4.4 | 4.35 | 41.49 | 45.84 | OK | |
r-devel-linux-x86_64-fedora-clang | 2.4.4 | 15.00 | 81.43 | 96.43 | OK | |
r-devel-linux-x86_64-fedora-gcc | 2.4.4 | 13.00 | 72.86 | 85.86 | OK | |
r-devel-windows-x86_64 | 2.4.4 | 7.00 | 65.00 | 72.00 | OK | |
r-patched-linux-x86_64 | 2.4.4 | 6.76 | 51.17 | 57.93 | OK | |
r-release-linux-x86_64 | 2.4.4 | 6.57 | 51.63 | 58.20 | OK | |
r-release-macos-arm64 | 2.4.4 | 3.00 | 29.00 | 32.00 | OK | |
r-release-macos-x86_64 | 2.4.4 | 7.00 | 54.00 | 61.00 | OK | |
r-release-windows-x86_64 | 2.4.4 | 9.00 | 66.00 | 75.00 | OK | |
r-oldrel-macos-arm64 | 2.4.4 | 4.00 | 30.00 | 34.00 | OK | |
r-oldrel-macos-x86_64 | 2.4.4 | 5.00 | 63.00 | 68.00 | OK | |
r-oldrel-windows-x86_64 | 2.4.4 | 9.00 | 79.00 | 88.00 | OK |
Version: 2.4.4
Check: HTML version of manual
Result: NOTE
Found the following HTML validation problems:
conformity.Check.html:56:1 (conformity.Check.Rd:20): Warning: missing </ul> before </div>
Flavor: r-devel-linux-x86_64-debian-clang
These binaries (installable software) and packages are in development.
They may not be fully stable and should be used with caution. We make no claims about them.