Last updated on 2024-05-04 03:50:26 CEST.
Flavor | Version | Tinstall | Tcheck | Ttotal | Status | Flags |
---|---|---|---|---|---|---|
r-devel-linux-x86_64-debian-clang | 0.1.0 | 21.66 | 184.36 | 206.02 | OK | |
r-devel-linux-x86_64-fedora-clang | 0.1.0 | 248.54 | NOTE | |||
r-devel-linux-x86_64-fedora-gcc | 0.1.0 | 250.02 | OK | |||
r-devel-windows-x86_64 | 0.1.0 | 20.00 | 129.00 | 149.00 | OK | |
r-patched-linux-x86_64 | 0.1.0 | 23.69 | 171.67 | 195.36 | OK | |
r-release-linux-x86_64 | 0.1.0 | 20.18 | 172.83 | 193.01 | OK | |
r-release-macos-arm64 | 0.1.0 | 66.00 | OK | |||
r-release-windows-x86_64 | 0.1.0 | 22.00 | 130.00 | 152.00 | OK | |
r-oldrel-macos-arm64 | 0.1.0 | 71.00 | OK | |||
r-oldrel-macos-x86_64 | 0.1.0 | 120.00 | OK | |||
r-oldrel-windows-x86_64 | 0.1.0 | 27.00 | 166.00 | 193.00 | OK |
Version: 0.1.0
Check: package dependencies
Result: NOTE
Imports includes 21 non-default packages.
Importing from so many packages makes the package vulnerable to any of
them becoming unavailable. Move as many as possible to Suggests and
use conditionally.
Flavor: r-devel-linux-x86_64-fedora-clang
These binaries (installable software) and packages are in development.
They may not be fully stable and should be used with caution. We make no claims about them.