Last updated on 2024-05-04 03:50:26 CEST.
Flavor | Version | Tinstall | Tcheck | Ttotal | Status | Flags |
---|---|---|---|---|---|---|
r-devel-linux-x86_64-debian-clang | 1.0.1 | 4.82 | 19.12 | 23.94 | NOTE | |
r-devel-linux-x86_64-fedora-clang | 1.0.1 | 27.09 | NOTE | |||
r-devel-linux-x86_64-fedora-gcc | 1.0.1 | 26.57 | NOTE | |||
r-devel-windows-x86_64 | 1.0.1 | 3.00 | 34.00 | 37.00 | NOTE | |
r-patched-linux-x86_64 | 1.0.1 | 2.81 | 18.79 | 21.60 | NOTE | |
r-release-linux-x86_64 | 1.0.1 | 2.11 | 18.85 | 20.96 | NOTE | |
r-release-macos-arm64 | 1.0.1 | 13.00 | NOTE | |||
r-release-windows-x86_64 | 1.0.1 | 5.00 | 33.00 | 38.00 | NOTE | |
r-oldrel-macos-arm64 | 1.0.1 | 16.00 | NOTE | |||
r-oldrel-macos-x86_64 | 1.0.1 | 18.00 | NOTE | |||
r-oldrel-windows-x86_64 | 1.0.1 | 4.00 | 33.00 | 37.00 | NOTE |
Version: 1.0.1
Check: Rd files
Result: NOTE
checkRd: (-1) M36NT2PM.dat.Rd:37: Lost braces in \itemize; meant \describe ?
checkRd: (-1) M36NT2PM.dat.Rd:38: Lost braces in \itemize; meant \describe ?
Flavors: r-devel-linux-x86_64-debian-clang, r-devel-linux-x86_64-fedora-clang, r-devel-linux-x86_64-fedora-gcc, r-devel-windows-x86_64, r-patched-linux-x86_64, r-release-linux-x86_64, r-release-macos-arm64, r-release-windows-x86_64
Version: 1.0.1
Check: LazyData
Result: NOTE
'LazyData' is specified without a 'data' directory
Flavors: r-devel-linux-x86_64-debian-clang, r-devel-linux-x86_64-fedora-clang, r-devel-linux-x86_64-fedora-gcc, r-devel-windows-x86_64, r-patched-linux-x86_64, r-release-linux-x86_64, r-release-macos-arm64, r-release-windows-x86_64, r-oldrel-macos-arm64, r-oldrel-macos-x86_64, r-oldrel-windows-x86_64
Version: 1.0.1
Check: installed package size
Result: NOTE
installed size is 16.3Mb
sub-directories of 1Mb or more:
extdata 16.2Mb
Flavors: r-devel-linux-x86_64-fedora-clang, r-devel-windows-x86_64, r-release-macos-arm64, r-release-windows-x86_64, r-oldrel-macos-arm64, r-oldrel-macos-x86_64, r-oldrel-windows-x86_64
These binaries (installable software) and packages are in development.
They may not be fully stable and should be used with caution. We make no claims about them.