Last updated on 2024-05-04 03:50:26 CEST.
Flavor | Version | Tinstall | Tcheck | Ttotal | Status | Flags |
---|---|---|---|---|---|---|
r-devel-linux-x86_64-debian-clang | 0.7.0 | 12.67 | 246.17 | 258.84 | OK | |
r-devel-linux-x86_64-fedora-clang | 0.7.0 | 330.73 | OK | |||
r-devel-linux-x86_64-fedora-gcc | 0.7.0 | 313.21 | OK | |||
r-devel-windows-x86_64 | 0.7.0 | 10.00 | 262.00 | 272.00 | OK | |
r-patched-linux-x86_64 | 0.7.0 | 7.43 | 238.37 | 245.80 | OK | |
r-release-linux-x86_64 | 0.7.0 | 6.75 | 232.16 | 238.91 | OK | |
r-release-macos-arm64 | 0.7.0 | 188.00 | OK | |||
r-release-macos-x86_64 | 0.7.0 | 329.00 | OK | |||
r-release-windows-x86_64 | 0.7.0 | 10.00 | 257.00 | 267.00 | OK | |
r-oldrel-macos-arm64 | 0.7.0 | 11.00 | ERROR | |||
r-oldrel-macos-x86_64 | 0.7.0 | 8.00 | ERROR | |||
r-oldrel-windows-x86_64 | 0.7.0 | 13.00 | 319.00 | 332.00 | OK |
Version: 0.7.0
Check: package dependencies
Result: ERROR
Package required but not available: ‘rhdf5’
See section ‘The DESCRIPTION file’ in the ‘Writing R Extensions’
manual.
Flavors: r-oldrel-macos-arm64, r-oldrel-macos-x86_64
These binaries (installable software) and packages are in development.
They may not be fully stable and should be used with caution. We make no claims about them.