Last updated on 2024-05-04 03:50:27 CEST.
Flavor | Version | Tinstall | Tcheck | Ttotal | Status | Flags |
---|---|---|---|---|---|---|
r-devel-linux-x86_64-debian-clang | 3.1.1 | 101.03 | 159.97 | 261.00 | NOTE | |
r-devel-linux-x86_64-fedora-clang | 3.1.1 | 330.54 | NOTE | |||
r-devel-linux-x86_64-fedora-gcc | 3.1.1 | 349.56 | NOTE | |||
r-devel-windows-x86_64 | 3.1.1 | 76.00 | 139.00 | 215.00 | NOTE | |
r-patched-linux-x86_64 | 3.1.1 | 96.19 | 150.93 | 247.12 | NOTE | |
r-release-linux-x86_64 | 3.1.1 | 93.94 | 151.70 | 245.64 | NOTE | |
r-release-macos-arm64 | 3.1.1 | 108.00 | NOTE | |||
r-release-windows-x86_64 | 3.1.1 | 73.00 | 140.00 | 213.00 | NOTE | |
r-oldrel-macos-arm64 | 3.1.1 | 81.00 | NOTE | |||
r-oldrel-macos-x86_64 | 3.1.1 | 130.00 | NOTE | |||
r-oldrel-windows-x86_64 | 3.1.1 | 84.00 | 162.00 | 246.00 | NOTE |
Version: 3.1.1
Check: C++ specification
Result: NOTE
Specified C++11: please drop specification unless essential
Flavors: r-devel-linux-x86_64-debian-clang, r-devel-linux-x86_64-fedora-clang, r-devel-linux-x86_64-fedora-gcc, r-devel-windows-x86_64, r-patched-linux-x86_64, r-release-linux-x86_64, r-release-macos-arm64, r-release-windows-x86_64, r-oldrel-macos-arm64, r-oldrel-macos-x86_64, r-oldrel-windows-x86_64
Version: 3.1.1
Check: Rd files
Result: NOTE
checkRd: (-1) plot.regression.circular.Rd:35: Lost braces
35 | code{plot.type="circle"} and \code{x} is the output of \code{\link{kern.reg.circ.lin}}) or to \code{\link{lines3d}} (if \code{plot.type="circle"})
| ^
Flavors: r-devel-linux-x86_64-debian-clang, r-devel-linux-x86_64-fedora-clang, r-devel-linux-x86_64-fedora-gcc, r-devel-windows-x86_64, r-patched-linux-x86_64, r-release-linux-x86_64, r-release-macos-arm64, r-release-windows-x86_64
These binaries (installable software) and packages are in development.
They may not be fully stable and should be used with caution. We make no claims about them.