Last updated on 2024-05-04 03:50:27 CEST.
Flavor | Version | Tinstall | Tcheck | Ttotal | Status | Flags |
---|---|---|---|---|---|---|
r-devel-linux-x86_64-debian-clang | 0.1.0 | 2.52 | 29.57 | 32.09 | OK | |
r-devel-linux-x86_64-fedora-clang | 0.1.0 | 40.80 | NOTE | |||
r-devel-linux-x86_64-fedora-gcc | 0.1.0 | 53.41 | NOTE | |||
r-devel-windows-x86_64 | 0.1.0 | 4.00 | 51.00 | 55.00 | OK | |
r-patched-linux-x86_64 | 0.1.0 | 2.58 | 27.86 | 30.44 | OK | |
r-release-linux-x86_64 | 0.1.0 | 1.54 | 28.60 | 30.14 | OK | |
r-release-macos-arm64 | 0.1.0 | 26.00 | OK | |||
r-release-windows-x86_64 | 0.1.0 | 3.00 | 54.00 | 57.00 | OK | |
r-oldrel-macos-arm64 | 0.1.0 | 23.00 | OK | |||
r-oldrel-macos-x86_64 | 0.1.0 | 33.00 | OK | |||
r-oldrel-windows-x86_64 | 0.1.0 | 4.00 | 44.00 | 48.00 | OK |
Version: 0.1.0
Check: dependencies in R code
Result: NOTE
Namespace in Imports field not imported from: ‘dplyr’
All declared Imports should be used.
Flavors: r-devel-linux-x86_64-fedora-clang, r-devel-linux-x86_64-fedora-gcc
These binaries (installable software) and packages are in development.
They may not be fully stable and should be used with caution. We make no claims about them.