Last updated on 2024-05-04 03:50:27 CEST.
Flavor | Version | Tinstall | Tcheck | Ttotal | Status | Flags |
---|---|---|---|---|---|---|
r-devel-linux-x86_64-debian-clang | 0.4.0 | 12.86 | 120.04 | 132.90 | NOTE | |
r-devel-linux-x86_64-fedora-clang | 0.4.0 | 159.11 | NOTE | |||
r-devel-linux-x86_64-fedora-gcc | 0.4.0 | 167.93 | NOTE | |||
r-devel-windows-x86_64 | 0.4.0 | 11.00 | 102.00 | 113.00 | NOTE | |
r-patched-linux-x86_64 | 0.4.0 | 12.08 | 115.49 | 127.57 | NOTE | |
r-release-linux-x86_64 | 0.4.0 | 15.06 | 112.78 | 127.84 | NOTE | |
r-release-macos-arm64 | 0.4.0 | 45.00 | NOTE | |||
r-release-windows-x86_64 | 0.4.0 | 10.00 | 101.00 | 111.00 | NOTE | |
r-oldrel-macos-arm64 | 0.4.0 | 49.00 | OK | |||
r-oldrel-macos-x86_64 | 0.4.0 | 85.00 | OK | |||
r-oldrel-windows-x86_64 | 0.4.0 | 14.00 | 127.00 | 141.00 | OK |
Version: 0.4.0
Check: Rd files
Result: NOTE
checkRd: (-1) NSAE.Rd:14: Lost braces; missing escapes or markup?
14 | {Maintainer}: Saurav Guha \email{saurav.iasri@gmail.com}
| ^
Flavors: r-devel-linux-x86_64-debian-clang, r-devel-linux-x86_64-fedora-clang, r-devel-linux-x86_64-fedora-gcc, r-devel-windows-x86_64, r-patched-linux-x86_64, r-release-linux-x86_64, r-release-macos-arm64, r-release-windows-x86_64
These binaries (installable software) and packages are in development.
They may not be fully stable and should be used with caution. We make no claims about them.